000
CDUS43 KMPX 260022
CLISTC


CLIMATE REPORT
NATIONAL WEATHER SERVICE CHANHASSEN MN
722 PM CDT WED APR 25 2018


...................................

...THE ST CLOUD MN CLIMATE SUMMARY FOR APRIL 25 2018...
VALID TODAY AS OF 0500 PM LOCAL TIME.

CLIMATE NORMAL PERIOD 1981 TO 2010
CLIMATE RECORD PERIOD 1893 TO 2018


WEATHER ITEM   OBSERVED TIME   RECORD YEAR NORMAL DEPARTURE LAST
                VALUE   (LST)  VALUE       VALUE  FROM      YEAR
                                                  NORMAL
..................................................................
TEMPERATURE (F)
 TODAY
  MAXIMUM         58    459 PM  88    1962  62     -4       63
  MINIMUM         27    544 AM  21    1907  37    -10       41
  AVERAGE         43                        49     -6       52

PRECIPITATION (IN)
  TODAY            0.00          1.17 1954   0.10  -0.10     0.38
  MONTH TO DATE    1.23                      2.06  -0.83     2.46
  SINCE MAR 1      3.22                      3.61  -0.39     3.13
  SINCE JAN 1      4.80                      4.85  -0.05     4.45

SNOWFALL (IN)
  TODAY            0.0           6.2  1950   0.1   -0.1      0.0
  MONTH TO DATE   14.8                       2.8   12.0      0.0
  SINCE MAR 1     30.2                      11.3   18.9      2.0
  SINCE JUL 1     62.7                      45.5   17.2     30.9
  SNOW DEPTH       0

DEGREE DAYS
 HEATING
  TODAY           22                        16      6       13
  MONTH TO DATE  862                       544    318      430
  SINCE MAR 1   1994                      1648    346     1490
  SINCE JUL 1   8449                      8094    355     6846

 COOLING
  TODAY            0                         0      0        0
  MONTH TO DATE    0                         0      0        0
  SINCE MAR 1      0                         0      0        0
  SINCE JAN 1      0                         0      0        0
..................................................................


WIND (MPH)
  HIGHEST WIND SPEED    14   HIGHEST WIND DIRECTION    SW (220)
  HIGHEST GUST SPEED    16   HIGHEST GUST DIRECTION    SW (240)
  AVERAGE WIND SPEED     4.8


SKY COVER
  POSSIBLE SUNSHINE  MM
  AVERAGE SKY COVER 0.0


WEATHER CONDITIONS
 THE FOLLOWING WEATHER WAS RECORDED TODAY.
  NO SIGNIFICANT WEATHER WAS OBSERVED.


RELATIVE HUMIDITY (PERCENT)
 HIGHEST    85           300 AM
 LOWEST     24           400 PM
 AVERAGE    55

..........................................................


THE ST CLOUD MN CLIMATE NORMALS FOR TOMORROW
                         NORMAL    RECORD    YEAR
 MAXIMUM TEMPERATURE (F)   62        84      1970
 MINIMUM TEMPERATURE (F)   37        22      1907


SUNRISE AND SUNSET
APRIL 25 2018.........SUNRISE   614 AM CDT   SUNSET   816 PM CDT
APRIL 26 2018.........SUNRISE   612 AM CDT   SUNSET   817 PM CDT


-  INDICATES NEGATIVE NUMBERS.
R  INDICATES RECORD WAS SET OR TIED.
MM INDICATES DATA IS MISSING.
T  INDICATES TRACE AMOUNT.




$$
