000
CDUS43 KLSX 240727
CLISTL


CLIMATE REPORT
NATIONAL WEATHER SERVICE ST LOUIS MO
226 AM CDT TUE APR 24 2018


...................................

...THE ST. LOUIS CLIMATE SUMMARY FOR APRIL 23 2018...

CLIMATE NORMAL PERIOD 1981 TO 2010
CLIMATE RECORD PERIOD 1874 TO 2018


WEATHER ITEM   OBSERVED TIME   RECORD YEAR NORMAL DEPARTURE LAST
                VALUE   (LST)  VALUE       VALUE  FROM      YEAR
                                                  NORMAL
..................................................................
TEMPERATURE (F)
 YESTERDAY
  MAXIMUM         60    400 PM  91    1960  70    -10       74
  MINIMUM         49    854 AM  28    1910  50     -1       45
  AVERAGE         55                        60     -5       60

PRECIPITATION (IN)
  YESTERDAY        0.07          3.88 1878   0.13  -0.06     0.00
  MONTH TO DATE    2.28                      2.79  -0.51     2.86
  SINCE MAR 1      9.40                      6.11   3.29     7.10
  SINCE JAN 1     15.88                     10.75   5.13     9.39

SNOWFALL (IN)
  YESTERDAY        0.0           0.8  1910   0.0    0.0      0.0
  MONTH TO DATE    0.6                       0.4    0.2      0.0
  SINCE MAR 1      1.6                       2.7   -1.1      1.8
  SINCE JUL 1      7.1                      17.7  -10.6      3.2
  SNOW DEPTH       0

DEGREE DAYS
 HEATING
  YESTERDAY       10                         7      3        5
  MONTH TO DATE  414                       231    183      111
  SINCE MAR 1   1088                       819    269      578
  SINCE JUL 1   4559                      4417    142     3311

 COOLING
  YESTERDAY        0                         2     -2        0
  MONTH TO DATE   13                        28    -15       62
  SINCE MAR 1     13                        35    -22       68
  SINCE JAN 1     13                        35    -22       70
..................................................................


WIND (MPH)
  HIGHEST WIND SPEED    21   HIGHEST WIND DIRECTION    NE (40)
  HIGHEST GUST SPEED    25   HIGHEST GUST DIRECTION    NE (30)
  AVERAGE WIND SPEED    10.4


SKY COVER
  AVERAGE SKY COVER 1.0


WEATHER CONDITIONS
 THE FOLLOWING WEATHER WAS RECORDED YESTERDAY.
  LIGHT RAIN
  FOG


RELATIVE HUMIDITY (PERCENT)
 HIGHEST   100           900 AM
 LOWEST     51           100 AM
 AVERAGE    76

..........................................................


THE ST. LOUIS CLIMATE NORMALS FOR TODAY
                         NORMAL    RECORD    YEAR
 MAXIMUM TEMPERATURE (F)   70        90      2009
                                             1990
                                             1989
 MINIMUM TEMPERATURE (F)   50        25      1910


SUNRISE AND SUNSET
APRIL 24 2018.........SUNRISE   613 AM CDT   SUNSET   747 PM CDT
APRIL 25 2018.........SUNRISE   611 AM CDT   SUNSET   748 PM CDT


-  INDICATES NEGATIVE NUMBERS.
R  INDICATES RECORD WAS SET OR TIED.
MM INDICATES DATA IS MISSING.
T  INDICATES TRACE AMOUNT.




$$

Maples
