000
CDUS45 KPUB 211048
CLITAD


CLIMATE REPORT
NATIONAL WEATHER SERVICE PUEBLO
447 AM MDT MON MAY 21 2018


...................................

...THE TRINIDAD CO CLIMATE SUMMARY FOR MAY 20 2018...

CLIMATE NORMAL PERIOD 1981 TO 2010
CLIMATE RECORD PERIOD 9999 TO 9999


WEATHER ITEM   OBSERVED TIME   NORMAL DEPARTURE LAST
                VALUE   (LST)  VALUE  FROM      YEAR
                                      NORMAL
......................................................
TEMPERATURE (F)
 YESTERDAY
  MAXIMUM         65    449 PM  76    -11       64
  MINIMUM         42    617 AM  45     -3       34
  AVERAGE         54            60     -6       49

PRECIPITATION (IN)
  YESTERDAY        0.25          0.06   0.19     0.00
  MONTH TO DATE    0.88          0.97  -0.09     1.89
  SINCE MAR 1      1.81          2.99  -1.18     6.21
  SINCE JAN 1      2.23          3.88  -1.65     7.77

DEGREE DAYS
 HEATING
  YESTERDAY       11             5      6       16
  MONTH TO DATE   73           158    -85      184
  SINCE MAR 1   1103          1326   -223     1070
  SINCE JUL 1   4627          5448   -821     4526

 COOLING
  YESTERDAY        0             1     -1        0
  MONTH TO DATE   33             9     24        9
  SINCE MAR 1     37            11     26       12
  SINCE JAN 1     37            11     26       12
......................................................


WIND (MPH)
  HIGHEST WIND SPEED    39   HIGHEST WIND DIRECTION     W (290)
  HIGHEST GUST SPEED    48   HIGHEST GUST DIRECTION     W (290)
  AVERAGE WIND SPEED     7.3


SKY COVER
  POSSIBLE SUNSHINE  MM
  AVERAGE SKY COVER 0.7


WEATHER CONDITIONS
 THE FOLLOWING WEATHER WAS RECORDED YESTERDAY.
  THUNDERSTORM
  HEAVY RAIN
  LIGHT RAIN
  FOG


RELATIVE HUMIDITY (PERCENT)
 HIGHEST   100           600 AM
 LOWEST     56           400 PM
 AVERAGE    78

..........................................................




SUNRISE AND SUNSET
MAY 21 2018...........SUNRISE   544 AM MDT   SUNSET   804 PM MDT
MAY 22 2018...........SUNRISE   544 AM MDT   SUNSET   805 PM MDT


-  INDICATES NEGATIVE NUMBERS.
R  INDICATES RECORD WAS SET OR TIED.
MM INDICATES DATA IS MISSING.
T  INDICATES TRACE AMOUNT.




$$
