000
CDUS44 KMRX 262141
CLITRI


CLIMATE REPORT
NATIONAL WEATHER SERVICE MORRISTOWN TN
541 PM EDT SAT MAY 26 2018


...................................

...THE TRI-CITIES      ASOS CLIMATE SUMMARY FOR MAY 26 2018...
VALID TODAY AS OF 0500 PM LOCAL TIME.

CLIMATE NORMAL PERIOD 1981 TO 2010
CLIMATE RECORD PERIOD 1937 TO 2018


WEATHER ITEM   OBSERVED TIME   RECORD YEAR NORMAL DEPARTURE LAST
                VALUE   (LST)  VALUE       VALUE  FROM      YEAR
                                                  NORMAL
..................................................................
TEMPERATURE (F)
 TODAY
  MAXIMUM         79    353 PM  91    2012  78      1       75
  MINIMUM         65    311 AM  39    1988  54     11       52
  AVERAGE         72                        66      6       64

PRECIPITATION (IN)
  TODAY            0.01          2.86 1997   0.13  -0.12     0.00
  MONTH TO DATE    4.54                      3.17   1.37     6.44
  SINCE MAR 1     11.92                      9.94   1.98    16.17
  SINCE JAN 1     20.65                     16.76   3.89    20.85

SNOWFALL (IN)
  TODAY            0.0                       0.0    0.0      0.0
  MONTH TO DATE    0.0                       0.0    0.0      0.0
  SINCE MAR 1      2.4                       2.5   -0.1      0.3
  SINCE JUL 1      7.1                      13.3   -6.2      4.3
  SNOW DEPTH       0

DEGREE DAYS
 HEATING
  TODAY            0                         2     -2        1
  MONTH TO DATE   17                       101    -84       79
  SINCE MAR 1    994                       973     21      744
  SINCE JUL 1   4048                      4355   -307     3311

 COOLING
  TODAY            7                         3      4        0
  MONTH TO DATE  125                        46     79       66
  SINCE MAR 1    128                        57     71       98
  SINCE JAN 1    137                        57     80       98
..................................................................


WIND (MPH)
  HIGHEST WIND SPEED     9   HIGHEST WIND DIRECTION    SW (230)
  HIGHEST GUST SPEED    10   HIGHEST GUST DIRECTION    SW (230)
  AVERAGE WIND SPEED     2.0


SKY COVER
  POSSIBLE SUNSHINE  MM
  AVERAGE SKY COVER 0.9


WEATHER CONDITIONS
 THE FOLLOWING WEATHER WAS RECORDED TODAY.
  THUNDERSTORM
  HEAVY RAIN
  RAIN
  LIGHT RAIN
  FOG


RELATIVE HUMIDITY (PERCENT)
 HIGHEST   100           300 AM
 LOWEST     69           300 PM
 AVERAGE    85

..........................................................


THE TRI-CITIES      ASOS CLIMATE NORMALS FOR TOMORROW
                         NORMAL    RECORD    YEAR
 MAXIMUM TEMPERATURE (F)   79        91      2012
 MINIMUM TEMPERATURE (F)   54        38      1961


SUNRISE AND SUNSET
MAY 26 2018...........SUNRISE   615 AM EDT   SUNSET   838 PM EDT
MAY 27 2018...........SUNRISE   615 AM EDT   SUNSET   839 PM EDT


-  INDICATES NEGATIVE NUMBERS.
R  INDICATES RECORD WAS SET OR TIED.
MM INDICATES DATA IS MISSING.
T  INDICATES TRACE AMOUNT.




$$
