000
CDUS46 KPQR 211148
CLITTD


CLIMATE REPORT
NATIONAL WEATHER SERVICE PORTLAND OREGON
447 AM PDT SAT APR 21 2018


...................................

...THE TROUTDALE OR CLIMATE SUMMARY FOR APRIL 20 2018...

CLIMATE NORMAL PERIOD 1981 TO 2010
CLIMATE RECORD PERIOD 1948 TO 2018


WEATHER ITEM   OBSERVED TIME   RECORD YEAR NORMAL DEPARTURE LAST
                VALUE   (LST)  VALUE       VALUE  FROM      YEAR
                                                  NORMAL
..................................................................
TEMPERATURE (F)
 YESTERDAY
  MAXIMUM         69    328 PM  84    1956  62      7       60
  MINIMUM         38    512 AM  30    1952  41     -3       43
  AVERAGE         54                        52      2       52

PRECIPITATION (IN)
  YESTERDAY        0.00                      0.13  -0.13     0.10
  MONTH TO DATE    3.72                      2.65   1.07     2.84
  SINCE OCT 1     27.94                     36.96  -9.02    41.69
  SINCE JAN 1     13.60                     18.56  -4.96    20.60

DEGREE DAYS
 HEATING
  YESTERDAY       11                        13     -2       13
  MONTH TO DATE  272                       285    -13      265

 COOLING
  YESTERDAY        0                         0      0        0
  MONTH TO DATE    0                         0      0        0
..................................................................


WIND (MPH)
  HIGHEST WIND SPEED    18   HIGHEST WIND DIRECTION    SW (230)
  HIGHEST GUST SPEED    23   HIGHEST GUST DIRECTION    SW (230)
  AVERAGE WIND SPEED     4.2


SKY COVER
  POSSIBLE SUNSHINE  MM
  AVERAGE SKY COVER 0.4


WEATHER CONDITIONS
 THE FOLLOWING WEATHER WAS RECORDED YESTERDAY.
  NO SIGNIFICANT WEATHER WAS OBSERVED.


RELATIVE HUMIDITY (PERCENT)
 HIGHEST    86           600 AM
 LOWEST     34           200 PM
 AVERAGE    60

..........................................................


THE TROUTDALE OR CLIMATE NORMALS FOR TODAY
                         NORMAL    RECORD    YEAR
 MAXIMUM TEMPERATURE (F)   63        81      2009
 MINIMUM TEMPERATURE (F)   42        30      1950


SUNRISE AND SUNSET
APRIL 21 2018.........SUNRISE   613 AM PDT   SUNSET   804 PM PDT
APRIL 22 2018.........SUNRISE   612 AM PDT   SUNSET   805 PM PDT


-  INDICATES NEGATIVE NUMBERS.
R  INDICATES RECORD WAS SET OR TIED.
MM INDICATES DATA IS MISSING.
T  INDICATES TRACE AMOUNT.




$$
