000
CDUS41 KPHI 240709
CLITTN


CLIMATE REPORT
NATIONAL WEATHER SERVICE MOUNT HOLLY NJ
309 AM EDT TUE APR 24 2018


...................................

...THE TRENTON NJ CLIMATE SUMMARY FOR APRIL 23 2018...

CLIMATE NORMAL PERIOD 1981 TO 2010
CLIMATE RECORD PERIOD 1865 TO 2018


WEATHER ITEM   OBSERVED TIME   RECORD YEAR NORMAL DEPARTURE LAST
                VALUE   (LST)  VALUE       VALUE  FROM      YEAR
                                                  NORMAL
..................................................................
TEMPERATURE (F)
 YESTERDAY
  MAXIMUM         70    333 PM  89    1960  64      6       65
  MINIMUM         38    524 AM  30    1988  43     -5       43
  AVERAGE         54                        54      0       54

PRECIPITATION (IN)
  YESTERDAY        0.00          1.22 1928   0.10  -0.10     0.00
  MONTH TO DATE    2.77                      2.87  -0.10     1.93
  SINCE MAR 1      7.54                      7.01   0.53     6.54
  SINCE JAN 1     16.09                     12.48   3.61    11.28

DEGREE DAYS
 HEATING
  YESTERDAY       11                        12     -1       11
  MONTH TO DATE  417                       347     70      225
  SINCE MAR 1   1211                      1079    132     1013
  SINCE JUL 1   4698                      4893   -195     4232

 COOLING
  YESTERDAY        0                         0      0        0
  MONTH TO DATE    6                         0      6       10
  SINCE MAR 1      6                         0      6       10
  SINCE JAN 1      9                         0      9       10
..................................................................


WIND (MPH)
  HIGHEST WIND SPEED    17   HIGHEST WIND DIRECTION    SE (130)
  HIGHEST GUST SPEED    23   HIGHEST GUST DIRECTION    SE (140)
  AVERAGE WIND SPEED     6.1


SKY COVER
  POSSIBLE SUNSHINE  MM
  AVERAGE SKY COVER 0.0


WEATHER CONDITIONS
 THE FOLLOWING WEATHER WAS RECORDED YESTERDAY.
  NO SIGNIFICANT WEATHER WAS OBSERVED.


RELATIVE HUMIDITY (PERCENT)
 HIGHEST    82           500 AM
 LOWEST     20           300 PM
 AVERAGE    51

..........................................................


THE TRENTON NJ CLIMATE NORMALS FOR TODAY
                         NORMAL    RECORD    YEAR
 MAXIMUM TEMPERATURE (F)   64        84      2001
 MINIMUM TEMPERATURE (F)   44        29      1930


SUNRISE AND SUNSET
APRIL 24 2018.........SUNRISE   608 AM EDT   SUNSET   747 PM EDT
APRIL 25 2018.........SUNRISE   607 AM EDT   SUNSET   748 PM EDT


-  INDICATES NEGATIVE NUMBERS.
R  INDICATES RECORD WAS SET OR TIED.
MM INDICATES DATA IS MISSING.
T  INDICATES TRACE AMOUNT.




$$
