000
CDUS45 KTWC 230028
CLITUS

CLIMATE REPORT
NATIONAL WEATHER SERVICE TUCSON AZ
526 PM MST SUN APR 22 2018


...................................

...THE TUCSON AZ CLIMATE SUMMARY FOR APRIL 22 2018...
VALID TODAY AS OF 0500 PM LOCAL TIME.

CLIMATE NORMAL PERIOD 1981 TO 2010
CLIMATE RECORD PERIOD 1895 TO 2018


WEATHER ITEM   OBSERVED TIME   RECORD YEAR NORMAL DEPARTURE LAST
                VALUE   (LST)  VALUE       VALUE  FROM      YEAR
                                                  NORMAL
..................................................................
TEMPERATURE (F)
 TODAY
  MAXIMUM         90    430 PM 101    2012  84      6       95
  MINIMUM         58    544 AM  33    1904  54      4       57
  AVERAGE         74                        69      5       76

PRECIPITATION (IN)
  TODAY            0.00          0.70 1913   0.01  -0.01     0.00
  MONTH TO DATE    0.00                      0.26  -0.26      T
  SINCE OCT 1      2.57                      5.18  -2.61     3.27
  SINCE JAN 1      1.98                      2.79  -0.81     1.59

DEGREE DAYS
 HEATING
  TODAY            0                         1     -1        0
  MONTH TO DATE   12                        52    -40       14
  SINCE MAR 1    115                       231   -116       61
  SINCE JUL 1    744                      1498   -754      942

 COOLING
  TODAY            9                         5      4       11
  MONTH TO DATE  145                        72     73      137
  SINCE MAR 1    189                       101     88      281
  SINCE JAN 1    193                       105     88      290
..................................................................


WIND (MPH)
  HIGHEST WIND SPEED    14   HIGHEST WIND DIRECTION     S (180)
  HIGHEST GUST SPEED    17   HIGHEST GUST DIRECTION     S (180)
  AVERAGE WIND SPEED     5.1


SKY COVER
  POSSIBLE SUNSHINE  MM
  AVERAGE SKY COVER 0.0


WEATHER CONDITIONS
 THE FOLLOWING WEATHER WAS RECORDED TODAY.
  NO SIGNIFICANT WEATHER WAS OBSERVED.


RELATIVE HUMIDITY (PERCENT)
 HIGHEST    31
 LOWEST      6
 AVERAGE    19

..........................................................


THE TUCSON AZ CLIMATE NORMALS FOR TOMORROW
                         NORMAL    RECORD    YEAR
 MAXIMUM TEMPERATURE (F)   84       100      2012
 MINIMUM TEMPERATURE (F)   54        37      1923
                                             1909


SUNRISE AND SUNSET
APRIL 22 2018.........SUNRISE   547 AM MST   SUNSET   658 PM MST
APRIL 23 2018.........SUNRISE   546 AM MST   SUNSET   659 PM MST


-  INDICATES NEGATIVE NUMBERS.
R  INDICATES RECORD WAS SET OR TIED.
MM INDICATES DATA IS MISSING.
T  INDICATES TRACE AMOUNT.




$$
