000
CDUS44 KJAN 210715
CLITVR


CLIMATE REPORT
NATIONAL WEATHER SERVICE JACKSON MS
213 AM CDT SAT APR 21 2018


...................................

...THE VICKSBURG CLIMATE SUMMARY FOR APRIL 20 2018...

CLIMATE NORMAL PERIOD 1981 TO 2010
CLIMATE RECORD PERIOD 1948 TO 2018


WEATHER ITEM   OBSERVED TIME   RECORD YEAR NORMAL DEPARTURE LAST
                VALUE   (LST)  VALUE       VALUE  FROM      YEAR
                                                  NORMAL
..................................................................
TEMPERATURE (F)
 YESTERDAY
  MAXIMUM         68    517 PM  89    1987  77     -9       85
  MINIMUM         46    548 AM  33    1953  54     -8       63
  AVERAGE         57                        66     -9       74

PRECIPITATION (IN)
  YESTERDAY        0.00          3.34 1982   0.19  -0.19     0.00
  MONTH TO DATE    4.73                      3.39   1.34     7.84
  SINCE MAR 1     10.67                      8.42   2.25    10.70
  SINCE JAN 1     24.08                     18.76   5.32    17.46

SNOWFALL (IN)
  YESTERDAY        0.0

DEGREE DAYS
 HEATING
  YESTERDAY        8                         3      5        0
  MONTH TO DATE  108                        83     25       16
  SINCE MAR 1    304                       348    -44      190
  SINCE JUL 1   2190                      2324   -134     1466

 COOLING
  YESTERDAY        0                         3     -3        9
  MONTH TO DATE   26                        48    -22       95
  SINCE MAR 1     68                        71     -3      181
  SINCE JAN 1    125                        80     45      232
..................................................................


WIND (MPH)
  HIGHEST WIND SPEED    16   HIGHEST WIND DIRECTION    NE (60)
  HIGHEST GUST SPEED    22   HIGHEST GUST DIRECTION    NE (50)
  AVERAGE WIND SPEED     6.5


SKY COVER
  POSSIBLE SUNSHINE  MM
  AVERAGE SKY COVER 0.0


WEATHER CONDITIONS
 THE FOLLOWING WEATHER WAS RECORDED YESTERDAY.
  NO SIGNIFICANT WEATHER WAS OBSERVED.


RELATIVE HUMIDITY (PERCENT)
 HIGHEST   100          1100 PM
 LOWEST     39           500 PM
 AVERAGE    70

..........................................................


THE VICKSBURG CLIMATE NORMALS FOR TODAY
                         NORMAL    RECORD    YEAR
 MAXIMUM TEMPERATURE (F)   77        90      1987
 MINIMUM TEMPERATURE (F)   55        32      1953


SUNRISE AND SUNSET
APRIL 21 2018.........SUNRISE   628 AM CDT   SUNSET   738 PM CDT
APRIL 22 2018.........SUNRISE   627 AM CDT   SUNSET   739 PM CDT


-  INDICATES NEGATIVE NUMBERS.
R  INDICATES RECORD WAS SET OR TIED.
MM INDICATES DATA IS MISSING.
T  INDICATES TRACE AMOUNT.




$$
