000
CDUS43 KLOT 240633
CLIUGN


CLIMATE REPORT
NATIONAL WEATHER SERVICE CHICAGO IL
132 AM CDT TUE APR 24 2018


...................................

...THE WAUKEGAN   CLIMATE SUMMARY FOR APRIL 23 2018...

CLIMATE NORMAL PERIOD 1981 TO 2010
CLIMATE RECORD PERIOD 2000 TO 2018


WEATHER ITEM   OBSERVED TIME   RECORD YEAR NORMAL DEPARTURE LAST
                VALUE   (LST)  VALUE       VALUE  FROM      YEAR
                                                  NORMAL
..................................................................
TEMPERATURE (F)
 YESTERDAY
  MAXIMUM         61    312 PM  73    2001  58      3       69
  MINIMUM         33    146 AM  24    2003  40     -7       33
  AVERAGE         47                        49     -2       51

PRECIPITATION (IN)
  YESTERDAY        0.00          0.67 2013   0.11  -0.11     0.00
  MONTH TO DATE    1.82                      2.48  -0.66     2.89
  SINCE MAR 1      2.31                      4.80  -2.49     6.32
  SINCE JAN 1      5.49                      7.85  -2.36    10.54

DEGREE DAYS
 HEATING
  YESTERDAY       18                        16      2       14
  MONTH TO DATE  675                       469    206      345
  SINCE MAR 1   1656                      1393    263     1238
  SINCE JUL 1   6333                      6339     -6     5350

 COOLING
  YESTERDAY        0                         0      0        0
  MONTH TO DATE    0                         0      0        4
  SINCE MAR 1      0                         0      0        4
  SINCE JAN 1      0                         0      0        4
..................................................................


WIND (MPH)
  RESULTANT WIND SPEED   8   RESULTANT WIND DIRECTION  NE (30)
  HIGHEST WIND SPEED    20   HIGHEST WIND DIRECTION    NE (30)
  HIGHEST GUST SPEED    25   HIGHEST GUST DIRECTION    NE (30)
  AVERAGE WIND SPEED     8.9


SKY COVER
  POSSIBLE SUNSHINE  MM
  AVERAGE SKY COVER 0.1


WEATHER CONDITIONS
 THE FOLLOWING WEATHER WAS RECORDED YESTERDAY.
  NO SIGNIFICANT WEATHER WAS OBSERVED.


RELATIVE HUMIDITY (PERCENT)
 HIGHEST    82
 LOWEST     22
 AVERAGE    52

..........................................................


THE WAUKEGAN   CLIMATE NORMALS FOR TODAY
                         NORMAL    RECORD    YEAR
 MAXIMUM TEMPERATURE (F)   59        84      2009
 MINIMUM TEMPERATURE (F)   40        25      2015


SUNRISE AND SUNSET
APRIL 24 2018.........SUNRISE   557 AM CDT   SUNSET   743 PM CDT
APRIL 25 2018.........SUNRISE   555 AM CDT   SUNSET   745 PM CDT


-  INDICATES NEGATIVE NUMBERS.
R  INDICATES RECORD WAS SET OR TIED.
MM INDICATES DATA IS MISSING.
T  INDICATES TRACE AMOUNT.




$$
