000
CDUS46 KSEW 190830
CLIUIL


CLIMATE REPORT
NATIONAL WEATHER SERVICE SEATTLE WA
130 AM PDT TUE JUN 19 2018


...................................

...THE QUILLAYUTE WA AIRPORT CLIMATE SUMMARY FOR JUNE 18 2018...

CLIMATE NORMAL PERIOD 1981 TO 2010
CLIMATE RECORD PERIOD 1966 TO 2018


WEATHER ITEM   OBSERVED TIME   RECORD YEAR NORMAL DEPARTURE LAST
                VALUE   (LST)  VALUE       VALUE  FROM      YEAR
                                                  NORMAL
..................................................................
TEMPERATURE (F)
 YESTERDAY
  MAXIMUM         72   1147 AM  96    1982  63      9       63
  MINIMUM         48    434 AM  39    1989  48      0       53
  AVERAGE         60                        56      4       58

PRECIPITATION (IN)
  YESTERDAY        0.00          1.06 1981   0.11  -0.11     0.34
  MONTH TO DATE    3.11                      2.34   0.77     4.24
  SINCE OCT 1     90.61                     90.09   0.52   126.77
  SINCE JAN 1     52.39                     51.09   1.30    66.84

DEGREE DAYS
 HEATING
  YESTERDAY        5                        10     -5        7
  MONTH TO DATE  189                       190     -1      199
  SINCE JUN 1    189                       190     -1      199
  SINCE JUL 1   5398                      5658   -260     5602

 COOLING
  YESTERDAY        0                         0      0        0
  MONTH TO DATE    2                         0      2        0
  SINCE JUN 1      2                         0      2        0
  SINCE JAN 1      2                         1      1        0
..................................................................


WIND (MPH)
  RESULTANT WIND SPEED   5   RESULTANT WIND DIRECTION   S (190)
  HIGHEST WIND SPEED    15   HIGHEST WIND DIRECTION     S (190)
  HIGHEST GUST SPEED    20   HIGHEST GUST DIRECTION     S (190)
  AVERAGE WIND SPEED     5.9


SKY COVER
  AVERAGE SKY COVER 0.3


WEATHER CONDITIONS
 THE FOLLOWING WEATHER WAS RECORDED YESTERDAY.
  NO SIGNIFICANT WEATHER WAS OBSERVED.


RELATIVE HUMIDITY (PERCENT)
 HIGHEST    93          1000 PM
 LOWEST     58           800 AM
 AVERAGE    76

..........................................................


THE QUILLAYUTE WA AIRPORT CLIMATE NORMALS FOR TODAY
                         NORMAL    RECORD    YEAR
 MAXIMUM TEMPERATURE (F)   64        73      1970
 MINIMUM TEMPERATURE (F)   48        38      1988


SUNRISE AND SUNSET
JUNE 19 2018..........SUNRISE   519 AM PDT   SUNSET   921 PM PDT
JUNE 20 2018..........SUNRISE   519 AM PDT   SUNSET   921 PM PDT


-  INDICATES NEGATIVE NUMBERS.
R  INDICATES RECORD WAS SET OR TIED.
MM INDICATES DATA IS MISSING.
T  INDICATES TRACE AMOUNT.




$$
