000
CDUS46 KEKA 251213
CLIUKI


CLIMATE REPORT
NATIONAL WEATHER SERVICE EUREKA CA
513 AM PDT WED APR 25 2018


...................................

...THE UKIAH CA CLIMATE SUMMARY FOR APRIL 24 2018...

CLIMATE NORMAL PERIOD 1981 TO 2010
CLIMATE RECORD PERIOD 1903 TO 2018


WEATHER ITEM   OBSERVED TIME   RECORD YEAR NORMAL DEPARTURE LAST
                VALUE   (LST)  VALUE       VALUE  FROM      YEAR
                                                  NORMAL
..................................................................
TEMPERATURE (F)
 YESTERDAY
  MAXIMUM         80    315 PM  94    1927  71      9       63
  MINIMUM         49    614 AM  32    2008  44      5       48
  AVERAGE         65                        57      8       56

PRECIPITATION (IN)
  YESTERDAY        0.00          1.19 2003   0.09  -0.09     0.05
  MONTH TO DATE    4.86                      2.13   2.73     3.71
  SINCE OCT 1     23.53                     34.58 -11.05    51.54
  SINCE JAN 1     17.95                     21.20  -3.25    34.43

SNOWFALL (IN)
  YESTERDAY        0.0          MM      MM  MM     MM       MM
  MONTH TO DATE    0.0                      MM     MM        0.0
  SINCE MAR 1      0.0                      MM     MM        0.0
  SINCE JUL 1      0.0                      MM     MM        0.0
  SNOW DEPTH       0

DEGREE DAYS
 HEATING
  YESTERDAY        0                         8     -8        9
  MONTH TO DATE  203                       255    -52      244
  SINCE MAR 1    634                       669    -35      571
  SINCE JUL 1   2670                      2902   -232     2738

 COOLING
  YESTERDAY        0                         1     -1        0
  MONTH TO DATE    2                         2      0        0
  SINCE MAR 1      3                         2      1        0
  SINCE JAN 1      3                         2      1        0
..................................................................


WIND (MPH)
  HIGHEST WIND SPEED    15   HIGHEST WIND DIRECTION     S (160)
  HIGHEST GUST SPEED    21   HIGHEST GUST DIRECTION    SE (140)
  AVERAGE WIND SPEED     4.2


SKY COVER
  AVERAGE SKY COVER 0.0


WEATHER CONDITIONS
 THE FOLLOWING WEATHER WAS RECORDED YESTERDAY.
  NO SIGNIFICANT WEATHER WAS OBSERVED.


RELATIVE HUMIDITY (PERCENT)
 HIGHEST    93
 LOWEST     25
 AVERAGE    59

..........................................................


THE UKIAH CA CLIMATE NORMALS FOR TODAY
                         NORMAL    RECORD    YEAR
 MAXIMUM TEMPERATURE (F)   71        98      1926
 MINIMUM TEMPERATURE (F)   44        26      1923


SUNRISE AND SUNSET
APRIL 25 2018.........SUNRISE   622 AM PDT   SUNSET   800 PM PDT
APRIL 26 2018.........SUNRISE   621 AM PDT   SUNSET   801 PM PDT


-  INDICATES NEGATIVE NUMBERS.
R  INDICATES RECORD WAS SET OR TIED.
MM INDICATES DATA IS MISSING.
T  INDICATES TRACE AMOUNT.




$$
