000
CDUS41 KBTV 220550
CLIVSF


CLIMATE REPORT
NATIONAL WEATHER SERVICE BURLINGTON VT
149 AM EDT SUN APR 22 2018


...................................

...THE SPRINGFIELD VT CLIMATE SUMMARY FOR APRIL 21 2018...

CLIMATE NORMAL PERIOD 1981 TO 2010
CLIMATE RECORD PERIOD 9999 TO 9999


WEATHER ITEM   OBSERVED TIME   NORMAL DEPARTURE LAST
                VALUE   (LST)  VALUE  FROM      YEAR
                                      NORMAL
......................................................
TEMPERATURE (F)
 YESTERDAY
  MAXIMUM         56    330 PM  59     -3       48
  MINIMUM         27    458 AM  35     -8       41
  AVERAGE         42            47     -5       45

PRECIPITATION (IN)
  YESTERDAY        0.00          0.10  -0.10     0.69
  MONTH TO DATE    2.42          2.71  -0.29     3.35
  SINCE MAR 1      4.49          6.01  -1.52     6.24
  SINCE JAN 1     10.23         11.62  -1.39     9.79

DEGREE DAYS
 HEATING
  YESTERDAY       23            18      5       20
  MONTH TO DATE  616           478    138      379
  SINCE MAR 1   1610          1513     97     1502
  SINCE JUL 1   6824          6958   -134     6379

 COOLING
  YESTERDAY        0             0      0        0
  MONTH TO DATE    0             0      0        0
  SINCE MAR 1      0             0      0        0
  SINCE JAN 1      0             0      0        0
......................................................


WIND (MPH)
  HIGHEST WIND SPEED    20   HIGHEST WIND DIRECTION     W (270)
  HIGHEST GUST SPEED    27   HIGHEST GUST DIRECTION    NW (320)
  AVERAGE WIND SPEED     6.6


SKY COVER
  AVERAGE SKY COVER 0.2


WEATHER CONDITIONS
 THE FOLLOWING WEATHER WAS RECORDED YESTERDAY.
  NO SIGNIFICANT WEATHER WAS OBSERVED.


RELATIVE HUMIDITY (PERCENT)
 HIGHEST    85           500 AM
 LOWEST     22           300 PM
 AVERAGE    54

..........................................................


THE SPRINGFIELD VT CLIMATE NORMALS FOR TODAY
                         NORMAL    RECORD    YEAR
 MAXIMUM TEMPERATURE (F)   59        79      2001
 MINIMUM TEMPERATURE (F)   35        24      2013


SUNRISE AND SUNSET
APRIL 22 2018.........SUNRISE   557 AM EDT   SUNSET   741 PM EDT
APRIL 23 2018.........SUNRISE   555 AM EDT   SUNSET   742 PM EDT


-  INDICATES NEGATIVE NUMBERS.
R  INDICATES RECORD WAS SET OR TIED.
MM INDICATES DATA IS MISSING.
T  INDICATES TRACE AMOUNT.




$$
