000
CXUS54 KSJT 031928 CCA
CLMABI

CLIMATE REPORT
NATIONAL WEATHER SERVICE SAN ANGELO TX
945 AM CDT SUN APR 1 2018

...................................

...THE ABILENE CLIMATE SUMMARY FOR THE MONTH OF MARCH 2018...

CLIMATE NORMAL PERIOD 1981 TO 2010
CLIMATE RECORD PERIOD 1886 TO 2018

WEATHER         OBSERVED          NORMAL  DEPART  LAST YEAR`S
                 VALUE   DATE(S)  VALUE   FROM    VALUE  DATE(S)
                                          NORMAL
................................................................
TEMPERATURE (F)
RECORD
 HIGH              98   03/21/1916
 LOW                9   03/11/1948
HIGHEST            88   03/25        MM      MM       92  03/21
LOWEST             29   03/07        MM      MM       30  03/02
AVG. MAXIMUM     72.2              68.6     3.6     75.8
AVG. MINIMUM     46.5              44.1     2.4     49.6
MEAN             59.4              56.4     3.0     62.7
DAYS MAX >= 90      0               0.6    -0.6        1
DAYS MAX <= 32      0               0.1    -0.1        0
DAYS MIN <= 32      1               3.6    -2.6        1
DAYS MIN <= 0       0               0.0     0.0        0

PRECIPITATION (INCHES)
RECORD
 MAXIMUM         5.16   1979
 MINIMUM         0.00   1904
TOTALS           1.47              1.74   -0.27     0.42
DAILY AVG.       0.05              0.06   -0.01     0.01
DAYS >= .01         4               6.0    -2.0        3
DAYS >= .10         2               3.4    -1.4        1
DAYS >= .50         2               1.2     0.8        0
DAYS >= 1.00        0               0.4    -0.4        0
GREATEST
 24 HR. TOTAL    0.87   03/27

SNOWFALL (INCHES)
RECORDS
 TOTAL            6.0   1970
TOTALS            0.0               0.3    -0.3      0.0
SINCE 7/1         0.5               4.4    -3.9        T
SNOWDEPTH AVG.      0                MM      MM        0
DAYS >= 1.0         0               0.1    -0.1        0
GREATEST
 SNOW DEPTH         0   MM                             0  MM
 24 HR TOTAL      0.0

DEGREE_DAYS
HEATING TOTAL     211               298     -87      146
 SINCE 7/1       2412              2431     -19     1727
COOLING TOTAL      46                29      17       84
 SINCE 1/1         58                34      24      115
.................................................................

WIND (MPH)
AVERAGE WIND SPEED              12.0
HIGHEST WIND SPEED/DIRECTION    35/210    DATE  03/31
HIGHEST GUST SPEED/DIRECTION    45/200    DATE  03/31

SKY COVER
AVERAGE SKY COVER           0.10

AVERAGE RH (PERCENT)     57

WEATHER CONDITIONS. NUMBER OF DAYS WITH
THUNDERSTORM              2     MIXED PRECIP               0
HEAVY RAIN                0     RAIN                       0
LIGHT RAIN                4     FREEZING RAIN              0
LT FREEZING RAIN          0     HAIL                       0
HEAVY SNOW                0     SNOW                       0
LIGHT SNOW                0     SLEET                      0
FOG                       7     FOG W/VIS <= 1/4 MILE      0
HAZE                      1

-  INDICATES NEGATIVE NUMBERS.
R  INDICATES RECORD WAS SET OR TIED.
MM INDICATES DATA IS MISSING.
T  INDICATES TRACE AMOUNT.

$$
