152
CXUS46 KHNX 011642
CLMBFL


CLIMATE REPORT
NATIONAL WEATHER SERVICE SAN JOAQUIN VALLEY, CA
936 AM PDT TUE MAY 1 2018

...................................

...THE BAKERSFIELD CLIMATE SUMMARY FOR THE MONTH OF APRIL 2018...

CLIMATE NORMAL PERIOD 1981 TO 2010
CLIMATE RECORD PERIOD 1889 TO 2018

WEATHER         OBSERVED          NORMAL  DEPART  LAST YEAR`S
                 VALUE   DATE(S)  VALUE   FROM    VALUE  DATE(S)
                                          NORMAL
................................................................
TEMPERATURE (F)
RECORD
 HIGH             101   04/30/1981
 LOW               28   04/08/1893
HIGHEST            94   04/23        MM      MM       90  04/05
                        04/10
LOWEST             42   04/17        MM      MM       40  04/09
AVG. MAXIMUM     79.6              75.0     4.6     78.4
AVG. MINIMUM     53.8              50.2     3.6     51.1
MEAN             66.7              62.6     4.1     64.8
DAYS MAX >= 90      5               1.9     3.1        1
DAYS MIN <= 32      0               0.0     0.0        0

PRECIPITATION (INCHES)
RECORD
 MAXIMUM         2.99   1915
TOTALS           0.20              0.52   -0.32     0.35
DAYS >= .01         2               3.7    -1.7        2
DAYS >= .10         1               1.7    -0.7        1
DAYS >= .50         0               0.1    -0.1        0
DAYS >= 1.00        0               0.0     0.0        0
GREATEST
 24 HR. TOTAL    0.13   04/07 TO 04/07

SNOWFALL (INCHES)
RECORDS
 TOTAL            0.0
TOTALS            0.0               0.0

DEGREE_DAYS
HEATING TOTAL      54               129     -75       52
 SINCE 7/1       1533              2142    -609     1592
COOLING TOTAL     111                57      54       53
 SINCE 1/1        127                66      61       79
.................................................................

WIND (MPH)
AVERAGE WIND SPEED              6.4
HIGHEST WIND SPEED/DIRECTION    38/320    DATE  04/16
HIGHEST GUST SPEED/DIRECTION    45/320    DATE  04/16

AVERAGE RH (PERCENT)     46

WEATHER CONDITIONS. NUMBER OF DAYS WITH
THUNDERSTORM              0     RAIN                       1
HAIL                      0     FOG                        1
FOG W/VIS <= 1/4 MILE     0     HAZE                       2

-  INDICATES NEGATIVE NUMBERS.
R  INDICATES RECORD WAS SET OR TIED.
MM INDICATES DATA IS MISSING.
T  INDICATES TRACE AMOUNT.

$$
