000
CXUS52 KJAX 012108 RRA
CLMGNV

CLIMATE REPORT
NATIONAL WEATHER SERVICE JACKSONVILLE FL
1007 AM EDT SUN APR 1 2018

...................................

...THE GAINESVILLE CLIMATE SUMMARY FOR THE MONTH OF MARCH 2018...

CLIMATE NORMAL PERIOD 1981 TO 2010
CLIMATE RECORD PERIOD 1890 TO 2018

WEATHER         OBSERVED          NORMAL  DEPART  LAST YEAR`S
                 VALUE   DATE(S)  VALUE   FROM    VALUE  DATE(S)
                                          NORMAL
................................................................
TEMPERATURE (F)
RECORD
 HIGH              96   03/31/1907
 LOW               22   03/03/1980
HIGHEST            86   03/18        75      11       89  03/30
                                                          03/29
                                                          03/22
LOWEST             29   03/15        50     -21       25  03/16
AVG. MAXIMUM     74.7              74.6     0.1     78.1
AVG. MINIMUM     46.2              50.0    -3.8     48.1
MEAN             60.5              62.3    -1.8     63.1
DAYS MAX >= 90      0               0.0     0.0        0
DAYS MAX <= 32      0               0.0     0.0        0
DAYS MIN <= 32      1               0.9     0.1        3
DAYS MIN <= 0       0               0.0     0.0        0

PRECIPITATION (INCHES)
RECORD
 MAXIMUM        11.13   1996
 MINIMUM            T   1945
TOTALS           2.41              4.33   -1.92     0.67
DAILY AVG.       0.08              0.14   -0.06     0.02
DAYS >= .01         5               7.9    -2.9        3
DAYS >= .10         3               5.7    -2.7        2
DAYS >= .50         1               2.5    -1.5        1
DAYS >= 1.00        1               1.3    -0.3        0
GREATEST
 24 HR. TOTAL    2.03

SNOWFALL (INCHES)
RECORDS
 TOTAL              T   1991
TOTALS            0.0               0.0     0.0      0.0
SINCE 7/1         0.0               0.0     0.0      0.0
SNOWDEPTH AVG.      0                MM      MM        0
DAYS >= 1.0         0               0.0     0.0        0
GREATEST
 SNOW DEPTH         0   MM                             0  MM
 24 HR TOTAL      0.0

DEGREE_DAYS
HEATING TOTAL     184               137      47      125
 SINCE 7/1       1087              1171     -84      628
COOLING TOTAL      51                54      -3       73
 SINCE 1/1        179                86      93      157
.................................................................

WIND (MPH)
AVERAGE WIND SPEED              7.4
HIGHEST WIND SPEED/DIRECTION    30/250    DATE  03/20
HIGHEST GUST SPEED/DIRECTION    42/300    DATE  03/19

SKY COVER
POSSIBLE SUNSHINE (PERCENT)   MM
AVERAGE SKY COVER           0.20
NUMBER OF DAYS FAIR           21
NUMBER OF DAYS PC              8
NUMBER OF DAYS CLOUDY          2

AVERAGE RH (PERCENT)     61

WEATHER CONDITIONS. NUMBER OF DAYS WITH
  0
  4
  0
  0
  0
  0
  2
HAZE                      4

-  INDICATES NEGATIVE NUMBERS.
R  INDICATES RECORD WAS SET OR TIED.
MM INDICATES DATA IS MISSING.
T  INDICATES TRACE AMOUNT.

$$
