000
CXUS53 KMKX 011339
CLMMKE


CLIMATE REPORT
NATIONAL WEATHER SERVICE IN MILWAUKEE
828 AM CDT SUN APR 1 2018

...................................

...THE MILWAUKEE WI CLIMATE SUMMARY FOR THE MONTH OF MARCH 2018...

CLIMATE NORMAL PERIOD 1981 TO 2010
CLIMATE RECORD PERIOD 1871 TO 2018

WEATHER         OBSERVED          NORMAL  DEPART  LAST YEAR`S
                 VALUE   DATE(S)  VALUE   FROM    VALUE  DATE(S)
                                          NORMAL
................................................................
TEMPERATURE (F)
RECORD
 HIGH              84   03/21/2012
 LOW              -10   03/01/1962
HIGHEST            59   03/18        63      -4       65  03/24
                                                          03/07
                                                          03/06
LOWEST             20   03/08         8      12       14  03/11
AVG. MAXIMUM     41.6              42.4    -0.8     42.3
AVG. MINIMUM     28.2              27.7     0.5     29.9
MEAN             34.9              35.0    -0.1     36.1
DAYS MAX >= 90      0               0.0     0.0        0
DAYS MAX <= 32      1               4.6    -3.6        6
DAYS MIN <= 32     27              21.6     5.4       16
DAYS MIN <= 0       0               0.1    -0.1        0

PRECIPITATION (INCHES)
RECORD
 MAXIMUM         6.93   1976
 MINIMUM         0.05   1910
TOTALS           0.66              2.27   -1.61     3.72
DAILY AVG.       0.02              0.07   -0.05     0.12
DAYS >= .01         6              11.4    -5.4       12
DAYS >= .10         3               5.4    -2.4       10
DAYS >= .50         0               1.5    -1.5        3
DAYS >= 1.00        0               0.2    -0.2        1
GREATEST
 24 HR. TOTAL    0.26   03/26 TO 03/26              1.11

SNOWFALL (INCHES)
RECORDS
 TOTAL           36.3   1931
TOTALS            4.0               7.0    -3.0     13.6
SINCE 7/1        36.7              44.8    -8.1     37.6
SNOWDEPTH AVG.      0                MM      MM        1
DAYS >= 1.0         1               2.0    -1.0        3
GREATEST
 SNOW DEPTH         3   03/06                          9  03/14
 24 HR TOTAL      3.4   03/05 TO 03/05               8.7

DEGREE_DAYS
HEATING TOTAL     924               929      -5      887
 SINCE 7/1       5536              5909    -373     4886
COOLING TOTAL       0                 0       0        0
 SINCE 1/1          0                 0       0        0
.................................................................

WIND (MPH)
AVERAGE WIND SPEED              10.5
HIGHEST WIND SPEED/DIRECTION    31/220    DATE  03/31
HIGHEST GUST SPEED/DIRECTION    45/290    DATE  03/31

SKY COVER
POSSIBLE SUNSHINE (PERCENT)   MM
AVERAGE SKY COVER           0.50
NUMBER OF DAYS FAIR            7
NUMBER OF DAYS PC             18
NUMBER OF DAYS CLOUDY          6

AVERAGE RH (PERCENT)     64



-  INDICATES NEGATIVE NUMBERS.
R  INDICATES RECORD WAS SET OR TIED.
MM INDICATES DATA IS MISSING.
T  INDICATES TRACE AMOUNT.

&&

10TH DRIEST MARCH ON RECORD

$$
