000
CXUS53 KOAX 190442
CLMOMA

CLIMATE REPORT
NATIONAL WEATHER SERVICE OMAHA NEBRASKA
1011 AM CDT TUE MAY 1 2018

...................................

...THE OMAHA EPPLEY, NEBRASKA CLIMATE SUMMARY FOR THE MONTH OF APRIL 2018...

CLIMATE NORMAL PERIOD 1981 TO 2010
CLIMATE RECORD PERIOD 1871 TO 2018

WEATHER         OBSERVED          NORMAL  DEPART
                 VALUE   DATE(S)  VALUE   FROM
                                          NORMAL
................................................
TEMPERATURE (F)
HIGHEST            85   04/30
LOWEST             13   04/04
AVG. MAXIMUM     57.4              63.7    -6.3
AVG. MINIMUM     32.4              39.8    -7.4
MEAN             44.9              51.7    -6.8
DAYS MAX >= 90      0
DAYS MAX <= 32      0
DAYS MIN <= 32     14
DAYS MIN <= 0       0

PRECIPITATION (INCHES)
RECORD
 MAXIMUM         8.48   1999
 MINIMUM         0.23   1936
TOTALS           0.27              2.96   -2.69
DAILY AVG.       0.01
DAYS >= .01         5
DAYS >= .10         1
DAYS >= .50         0
DAYS >= 1.00        0
GREATEST
 24 HR. TOTAL    0.17   04/24 TO 04/25

SNOWFALL (INCHES)
RECORDS
 TOTAL           10.0   1992
TOTALS            1.5               1.0
SINCE 7/1        17.0
DAYS >= 1.0         0
GREATEST
 SNOW DEPTH         1   04/16
                        04/15
 24 HR TOTAL      1.2   04/14 TO 04/15

DEGREE DAYS
HEATING TOTAL     604               413     191
 SINCE 7/1       6007              6002       5
COOLING TOTAL       9                15      -6
 SINCE 1/1          9                16      -7
.................................................

WIND (MPH)
AVERAGE WIND SPEED              12.0
HIGHEST WIND SPEED/DIRECTION    40/170    DATE  04/30
HIGHEST GUST SPEED/DIRECTION    52/170    DATE  04/30

SKY COVER
AVERAGE SKY COVER           0.60


WEATHER CONDITIONS. NUMBER OF DAYS WITH
THUNDERSTORM              1     MIXED PRECIP               0
HEAVY RAIN                0     RAIN                       0
LIGHT RAIN                4     FREEZING RAIN              0
LT FREEZING RAIN          3     HAIL                       0
HEAVY SNOW                0     SNOW                       7
LIGHT SNOW                7     SLEET                      1
FOG                       9     FOG W/VIS <= 1/4 MILE      2
HAZE                      5



-  INDICATES NEGATIVE NUMBERS.
R  INDICATES RECORD WAS SET OR TIED.
MM INDICATES DATA IS MISSING.
T  INDICATES TRACE AMOUNT.
>= INDICATES GREATER THAN OR EQUAL TO.
<= INDICATES LESS THAN OR EQUAL TO.

&&

...APRIL SUMMARY FOR OMAHA...

APRIL WAS COLDER AND DRIER THAN NORMAL. IN FACT, APRIL 2018 WAS THE
6TH COLDEST AND THE 3RD DRIEST ON RECORD. AS YOU MIGHT EXPECT, SEVERAL
NEW TEMPERATURE RECORDS WERE ESTABLISHED DURING THE MONTH, SOME GOING
BACK OVER 100 YEARS.

THE AVERAGE TEMPERATURE FOR THE MONTH WAS 44.9 DEGREES OR 6.8 DEGREES
BELOW NORMAL. THE LAST TIME WE WERE THIS COLD IN APRIL WAS 35 YEARS IN
1983 WHEN THE AVERAGE TEMPERATURE FOR THE MONTH WAS 43.9 DEGREES, THE
SECOND COLDEST APRIL ON RECORD. HERE IS A LIST OF NEW RECORDS FOR APRIL.

APRIL 4  RECORD LOW 0F 13. OLD RECORD 18 SET IN 1899.
APRIL 7  RECORD LOW OF 14. OLD RECORD 17 SET IN 1936.
APRIL 15  RECORD LOW MAXIMUM OF 33. OLD RECORD 37 SET IN 1872.

APRIL WAS ALSO MUCH DRIER THAN NORMAL WITH ONLY 0.27 OF AN INCH OF
PRECIPITATION RECORDED. THIS WAS 2.69 INCHES BELOW NORMAL. THE LAST
TIME IT WAS THIS DRY WAS IN 1936 WITH 0.23 OF AN INCH RECORDED.

THE FIRST THREE WEEKS OF THE MONTH WERE CONSISTENTLY COLD WITH ONLY A
SHORT 3 DAY PERIOD FROM THE 11TH  13TH THAT AVERAGED ABOVE NORMAL, THE
REST OF THOSE DAYS THROUGH THE 21ST WERE BELOW NORMAL. SNOW WAS RECORDED
ON 7 DAYS WITH A MONTHLY SNOWFALL TOTAL OF 1.5 INCHES. THE GREATEST
24HR SNOWFALL WAS 0.8 INCHES ON THE 15TH AND THE GREATEST SNOW DEPTH
WAS 1 INCH ON THE 15TH AND 16TH.

THE HIGHEST WINDS OF THE MONTH OCCURRED ON THE 30TH WITH GUSTS REACHING
52 MPH FROM THE SOUTH.

$$
