000
CXUS55 KABQ 021523
CLMROW

ABQCLMROW 000
TTAA00 KABQ 011657


CLIMATE REPORT
NATIONAL WEATHER SERVICE ALBUQUERQUE NM
923 AM MDT WED MAY 2 2018

...................................

...THE ROSWELL NM CLIMATE SUMMARY FOR THE MONTH OF APRIL 2018...

CLIMATE NORMAL PERIOD 1981 TO 2010
CLIMATE RECORD PERIOD 1893 TO 2018

WEATHER         OBSERVED          NORMAL  DEPART  LAST YEAR`S
                 VALUE   DATE(S)  VALUE   FROM    VALUE  DATE(S)
                                          NORMAL
................................................................
TEMPERATURE (F)
RECORD
 HIGH             102   04/25/2012
 LOW               23   04/08/1973
HIGHEST            96   04/11        MM      MM       93  04/24
                                                          04/08
LOWEST             34   04/07        MM      MM       33  04/30
AVG. MAXIMUM     81.7              76.8     4.9     79.9
AVG. MINIMUM     44.4              44.7    -0.3     47.1
MEAN             63.0              60.8     2.2     63.5
DAYS MAX >= 90      6               1.3     4.7        6
DAYS MAX <= 32      0               0.0     0.0        0
DAYS MIN <= 32      0               1.6    -1.6        0
DAYS MIN <= 0       0               0.0     0.0        0

PRECIPITATION (INCHES)
RECORD
 MAXIMUM           MM   MM
 MINIMUM           MM   MM
TOTALS           0.03              0.61   -0.58     1.45
DAILY AVG.       0.00              0.02   -0.02     0.05
DAYS >= .01         2               2.9    -0.9        2
DAYS >= .10         0               1.5    -1.5        2
DAYS >= .50         0               0.2    -0.2        1
DAYS >= 1.00        0               0.1    -0.1        1
GREATEST
 24 HR. TOTAL    0.02   04/29 TO 04/29              1.21

SNOWFALL (INCHES)
RECORDS
 TOTAL             MM   MM
TOTALS            0.0               0.3    -0.3      0.0
SINCE 7/1         0.0              11.9   -11.9      2.5
SNOWDEPTH AVG.      0                MM      MM        REC0
DAYS >= 1.0         0               0.1    -0.1        0
GREATEST
 SNOW DEPTH         0   MM                             0  MM
 24 HR TOTAL      0.0   04/30 TO 04/30               0.0

DEGREE_DAYS
HEATING TOTAL     111               164     -53      112
 SINCE 7/1       2741              3258    -517     2432
COOLING TOTAL      57                37      20       74
 SINCE 1/1         74                40      34      108
.................................................................

WIND (MPH)
AVERAGE WIND SPEED              11.5
HIGHEST WIND SPEED/DIRECTION    46/260    DATE  04/13
HIGHEST GUST SPEED/DIRECTION    55/270    DATE  04/13

SKY COVER
AVERAGE SKY COVER           0.00

AVERAGE RH (PERCENT)     33

WEATHER CONDITIONS. NUMBER OF DAYS WITH
THUNDERSTORM              1     MIXED PRECIP             0
HEAVY RAIN                0     RAIN                     0
LIGHT RAIN                0     FREEZING RAIN            0
LT FREEZING RAIN          0     HAIL                     0
HEAVY SNOW                0     SNOW                     0
LIGHT SNOW                0     SLEET                    0
FOG                       1     FOG W/VIS <= 1/4 MILE    0
HAZE                      3


-  INDICATES NEGATIVE NUMBERS.
R  INDICATES RECORD WAS SET OR TIED.
MM INDICATES DATA IS MISSING.
T  INDICATES TRACE AMOUNT.

$$
