000
CXUS54 KJAN 011301
CLMTVR


CLIMATE REPORT
NATIONAL WEATHER SERVICE JACKSON MS
759 AM CDT SUN APR 1 2018

...................................

...THE VICKSBURG CLIMATE SUMMARY FOR THE MONTH OF MARCH 2018...

CLIMATE NORMAL PERIOD 1981 TO 2010
CLIMATE RECORD PERIOD 1948 TO 2018

WEATHER         OBSERVED          NORMAL  DEPART  LAST YEAR`S
                 VALUE   DATE(S)  VALUE   FROM    VALUE
                                          NORMAL
.............................................................
TEMPERATURE (F)
RECORD
 HIGH              89   03/19/1982
 LOW               11   03/03/1980
HIGHEST            86   03/19        MM      MM       88
LOWEST             35   03/08        MM      MM       33
AVG. MAXIMUM     70.3              68.4     1.9     73.5
AVG. MINIMUM     49.5              46.0     3.5     50.3
MEAN             59.9              57.2     2.7     61.9
DAYS MAX >= 90      0               0.0     0.0        0
DAYS MAX <= 32      0               0.0     0.0        0
DAYS MIN <= 32      0               1.7    -1.7        0
DAYS MIN <= 0       0               0.0     0.0        0

PRECIPITATION (INCHES)
RECORD
 MAXIMUM        14.11   1961
 MINIMUM         0.48   2007
TOTALS           5.94              5.03    0.91     2.86
DAILY AVG.       0.19              0.16    0.03     0.09
DAYS >= .01        10                MM      MM       11
DAYS >= .10         8                MM      MM        6
DAYS >= .50         4                MM      MM        2
DAYS >= 1.00        3                MM      MM        0
GREATEST
 24 HR. TOTAL    1.60   03/29 TO 03/29              0.81

SNOWFALL (INCHES)
TOTALS            0.0

DEGREE_DAYS
HEATING TOTAL     196               265     -69      174
 SINCE 7/1       2082              2241    -159     1450
COOLING TOTAL      42                23      19       86
 SINCE 1/1         99                32      67      137
..............................................................

WIND (MPH)
AVERAGE WIND SPEED              7.1
HIGHEST WIND SPEED/DIRECTION    32/140    DATE  03/29
HIGHEST GUST SPEED/DIRECTION    39/140    DATE  03/29

SKY COVER
POSSIBLE SUNSHINE (PERCENT)   MM
AVERAGE SKY COVER           0.30
NUMBER OF DAYS FAIR           15
NUMBER OF DAYS PC             13
NUMBER OF DAYS CLOUDY          3

AVERAGE RH (PERCENT)     72

WEATHER CONDITIONS. NUMBER OF DAYS WITH
THUNDERSTORM              6     MIXED PRECIP               0
HEAVY RAIN                8     RAIN                       8
LIGHT RAIN               12     FREEZING RAIN              0
LT FREEZING RAIN          0     HAIL                       0
HEAVY SNOW                0     SNOW                       0
LIGHT SNOW                0     SLEET                      0
FOG                      17     FOG W/VIS <= 1/4 MILE      3
HAZE                      2

-  INDICATES NEGATIVE NUMBERS.
R  INDICATES RECORD WAS SET OR TIED.
MM INDICATES DATA IS MISSING.
T  INDICATES TRACE AMOUNT.

$$
