903
CXUS56 KPDT 011840
CLMYKM

CLIMATE REPORT
NATIONAL WEATHER SERVICE PENDLETON OREGON
1135 AM PDT SUN APR 01 2018

....................................

...THE YAKIMA WA CLIMATE SUMMARY FOR THE MONTH OF MARCH 2018...

CLIMATE NORMAL PERIOD 1981 TO 2010
CLIMATE RECORD PERIOD 1909 TO 2018

WEATHER         OBSERVED          NORMAL  DEPART  LAST YEAR`S
                 VALUE   DATE(S)  VALUE   FROM    VALUE  DATE(S)
                                          NORMAL

................................................................

TEMPERATURE (F)
RECORD
 HIGH              80   3/27/2015
 LOW               -1   3/ 4/1960
HIGHEST            68   3/30       69        -1            66   3/31
LOWEST             21   3/ 6       20         1            26   3/ 7
AVG. MAXIMUM     58.2            56.2       2.0          56.6
AVG. MINUMUM     30.9            30.1       0.8          34.9
MEAN             44.5            43.2       1.3          45.8
DAYS MAX >= 90      0               0         0             0
DAYS MAX <= 32      0               0         0             0
DAYS MIN <= 32     20              20         0            11
DAYS MIN <= 0       0               0         0            11


PRECIPITATION (INCHES)
RECORD
 MAXIMUM          2.63   1957
 MINIMUM          0.01   1973
TOTALS            0.38            0.62     -0.24          0.98
DAILY AVG.        0.01            0.02     -0.01          0.03
DAYS >=  0.01        8               6         2            14
DAYS >=  0.10        2               2         0             5
DAYS >=  0.50        0               0         0             0
DAYS >=  1.00        0               0         0             0
GREATEST
 24 HR. TOTAL     0.12   3/13



SNOWFALL (INCHES)
RECORD
 MAXIMUM          10.8   1971
 MINIMUM           0.0   2016
TOTALS             0.3             0.7      -0.4             T
SINCE 7/1          2.4            22.0     -19.6          36.5
DAYS >=  TRACE       2               1         1             1
DAYS >=  1.0         0               0         0             0
GREATEST
 24 HR. TOTAL      0.2   3/23


DEGREE DAYS
HEATING TOTAL      628             676       -48           590
 SINCE 7/1        4394            5203      -809          5019
COOLING TOTAL        0               0         0             0
 SINCE 1/1           0               0         0             0

.............................................................

WIND (MPH)
AVERAGE WIND SPEED                     6.0
RESULTANT WIND SPEED/DIRECTION         4/264
HIGHEST WIND SPEED/DIRECTION          31/270      DATE          03/27
HIGHEST GUST SPEED/DIRECTION          39/270      DATE          03/27


WEATHER CONDITIONS. NUMBER OF DAYS WITH
THUNDERSTORM               0    MIXED PRECIP                        0
HEAVY RAIN                 0    RAIN                                2
LIGHT RAIN                11    FREEZING RAIN                       0
LT FREEZING RAIN           0    HAIL                                0
HEAVY SNOW                 0    SNOW                                0
LIGHT SNOW                 2    SLEET                               0
FOG                        5    FOG W/VIS <=1/4 MILE                0
HAZE                       1

-  INDICATES NEGATIVE NUMBERS.
R  INDICATES RECORD WAS SET OR TIED.
MM INDICATES DATA IS MISSING.
T  INDICATES TRACE AMOUNT.

$$
