000
CXUS51 KCLE 080424
CLMYNG


CLIMATE REPORT
NATIONAL WEATHER SERVICE CLEVELAND OH
1223 AM EDT SUN APR 8 2018

...................................

...THE YOUNGSTOWN OH CLIMATE SUMMARY FOR THE MONTH OF MARCH 2018...

CLIMATE NORMAL PERIOD 1981 TO 2010
CLIMATE RECORD PERIOD 1897 TO 2018

WEATHER         OBSERVED          NORMAL  DEPART  LAST YEAR`S
                 VALUE   DATE(S)  VALUE   FROM    VALUE
                                          NORMAL
.............................................................
TEMPERATURE (F)
RECORD
 HIGH              82   03/30/1986
 LOW              -10   03/02/1980
HIGHEST            60   03/29
LOWEST             17   03/17
AVG. MAXIMUM     41.5              45.8    -4.3     44.7
AVG. MINIMUM     24.9              27.7    -2.8     28.6
MEAN             33.2              36.7    -3.5     36.7
DAYS MAX >= 90      0               0.0     0.0        0
DAYS MAX <= 32      3               4.5    -1.5        8
DAYS MIN <= 32     28              21.4     6.6       18
DAYS MIN <= 0       0               0.1    -0.1        0

PRECIPITATION (INCHES)
RECORD
 MAXIMUM         6.38   2008
 MINIMUM         1.07
TOTALS           4.45              2.94    1.51     5.04
DAYS >= .01        15              14.1     0.9       22
DAYS >= .10         9               7.5     1.5       12
DAYS >= .50         3               1.7     1.3        2
DAYS >= 1.00        1               0.3     0.7        1
GREATEST
 24 HR. TOTAL    1.47   03/01 TO 03/01              1.12

SNOWFALL (INCHES)
RECORDS
 TOTAL           30.9   1993
TOTALS           15.6              10.9     4.7     20.1
SINCE 7/1        73.7              59.7    14.0     67.5
DAYS >= 1.0         6               2.7     3.3        6
GREATEST
 24 HR TOTAL      5.2   03/21 TO 03/21

DEGREE_DAYS
HEATING TOTAL     976               876     100      870
 SINCE 7/1       5291              5524    -233     4654
COOLING TOTAL       0                 1      -1        0
 SINCE 1/1          2                 1       1        0
..............................................................

WIND (MPH)
AVERAGE WIND SPEED              10.1
HIGHEST WIND SPEED/DIRECTION    40/330    DATE  03/01
HIGHEST GUST SPEED/DIRECTION    51/320    DATE  03/01

SKY COVER
AVERAGE SKY COVER           0.70

AVERAGE RH (PERCENT)     69

WEATHER CONDITIONS. NUMBER OF DAYS WITH
THUNDERSTORM              0     MIXED PRECIP               0
HEAVY RAIN                1     RAIN                       4
LIGHT RAIN                8     FREEZING RAIN              0
LT FREEZING RAIN          0     HAIL                       0
HEAVY SNOW                1     SNOW                       6
LIGHT SNOW               15     SLEET                      3
FOG                      14     FOG W/VIS <= 1/4 MILE      3
HAZE                      0

-  INDICATES NEGATIVE NUMBERS.
R  INDICATES RECORD WAS SET OR TIED.
MM INDICATES DATA IS MISSING.
T  INDICATES TRACE AMOUNT.

$$
