000
CDUS44 KJAN 202117
CLIGLH


CLIMATE REPORT
NATIONAL WEATHER SERVICE JACKSON MS
409 PM CDT SUN MAY 20 2018


...................................

...THE GREENVILLE CLIMATE SUMMARY FOR MAY 20 2018...
VALID TODAY AS OF 0400 PM LOCAL TIME.

CLIMATE NORMAL PERIOD 1981 TO 2010
CLIMATE RECORD PERIOD 1903 TO 2018


WEATHER ITEM   OBSERVED TIME   RECORD YEAR NORMAL DEPARTURE LAST
                VALUE   (LST)  VALUE       VALUE  FROM      YEAR
                                                  NORMAL
..................................................................
TEMPERATURE (F)
 TODAY
  MAXIMUM         91    240 PM  95    1956  83      8       87
  MINIMUM         71    528 AM  48    2002  63      8       69
  AVERAGE         81                        73      8       78

PRECIPITATION (IN)
  TODAY            0.00          2.23 1958   0.15  -0.15     0.15
  MONTH TO DATE    1.17                      3.47  -2.30     0.78
  SINCE MAR 1     11.74                     12.83  -1.09     7.44
  SINCE JAN 1     24.73                     22.82   1.91    15.47

SNOWFALL (IN)
  TODAY            0.0

DEGREE DAYS
 HEATING
  TODAY            0                         0      0        0
  MONTH TO DATE    0                        10    -10       17
  SINCE MAR 1    464                       462      2      294
  SINCE JUL 1   2677                      2771    -94     1827

 COOLING
  TODAY           16                         8      8       13
  MONTH TO DATE  223                       129     94      129
  SINCE MAR 1    259                       210     49      295
  SINCE JAN 1    281                       215     66      324
..................................................................


WIND (MPH)
  HIGHEST WIND SPEED    12   HIGHEST WIND DIRECTION    SW (230)
  HIGHEST GUST SPEED    15   HIGHEST GUST DIRECTION     S (170)
  AVERAGE WIND SPEED     4.7


SKY COVER
  POSSIBLE SUNSHINE  MM
  AVERAGE SKY COVER 0.2


WEATHER CONDITIONS
 THE FOLLOWING WEATHER WAS RECORDED TODAY.
  THUNDERSTORM
  HAZE


RELATIVE HUMIDITY (PERCENT)
 HIGHEST    90           500 AM
 LOWEST     47           200 PM
 AVERAGE    69

..........................................................


THE GREENVILLE CLIMATE NORMALS FOR TOMORROW
                         NORMAL    RECORD    YEAR
 MAXIMUM TEMPERATURE (F)   84        95      1987
 MINIMUM TEMPERATURE (F)   64        48      1993


SUNRISE AND SUNSET
MAY 20 2018...........SUNRISE   600 AM CDT   SUNSET   801 PM CDT
MAY 21 2018...........SUNRISE   600 AM CDT   SUNSET   802 PM CDT


-  INDICATES NEGATIVE NUMBERS.
R  INDICATES RECORD WAS SET OR TIED.
MM INDICATES DATA IS MISSING.
T  INDICATES TRACE AMOUNT.




$$
