000
CDUS44 KJAN 210715
CLIGLH


CLIMATE REPORT
NATIONAL WEATHER SERVICE JACKSON MS
213 AM CDT SAT APR 21 2018


...................................

...THE GREENVILLE CLIMATE SUMMARY FOR APRIL 20 2018...

CLIMATE NORMAL PERIOD 1981 TO 2010
CLIMATE RECORD PERIOD 1903 TO 2018


WEATHER ITEM   OBSERVED TIME   RECORD YEAR NORMAL DEPARTURE LAST
                VALUE   (LST)  VALUE       VALUE  FROM      YEAR
                                                  NORMAL
..................................................................
TEMPERATURE (F)
 YESTERDAY
  MAXIMUM         70    443 PM  95    1987  76     -6       84
  MINIMUM         41    551 AM  37    1939  54    -13       64
                                      1926
  AVERAGE         56                        65     -9       74

PRECIPITATION (IN)
  YESTERDAY        0.00          2.85 1995   0.16  -0.16      T
  MONTH TO DATE    3.71                      3.37   0.34     2.11
  SINCE MAR 1      9.73                      7.92   1.81     3.97
  SINCE JAN 1     22.72                     17.91   4.81    12.00

SNOWFALL (IN)
  YESTERDAY        0.0

DEGREE DAYS
 HEATING
  YESTERDAY        9                         3      6        0
  MONTH TO DATE  174                        99     75       26
  SINCE MAR 1    442                       435      7      263
  SINCE JUL 1   2655                      2744    -89     1796

 COOLING
  YESTERDAY        0                         2     -2        9
  MONTH TO DATE   12                        31    -19       78
  SINCE MAR 1     33                        48    -15      123
  SINCE JAN 1     55                        53      2      152
..................................................................


WIND (MPH)
  HIGHEST WIND SPEED    22   HIGHEST WIND DIRECTION    NE (60)
  HIGHEST GUST SPEED    29   HIGHEST GUST DIRECTION    NE (50)
  AVERAGE WIND SPEED     8.7


SKY COVER
  POSSIBLE SUNSHINE  MM
  AVERAGE SKY COVER 0.0


WEATHER CONDITIONS
 THE FOLLOWING WEATHER WAS RECORDED YESTERDAY.
  NO SIGNIFICANT WEATHER WAS OBSERVED.


RELATIVE HUMIDITY (PERCENT)
 HIGHEST    76           600 AM
 LOWEST     26           400 PM
 AVERAGE    51

..........................................................


THE GREENVILLE CLIMATE NORMALS FOR TODAY
                         NORMAL    RECORD    YEAR
 MAXIMUM TEMPERATURE (F)   76        95      1987
 MINIMUM TEMPERATURE (F)   54        34      1953


SUNRISE AND SUNSET
APRIL 21 2018.........SUNRISE   626 AM CDT   SUNSET   739 PM CDT
APRIL 22 2018.........SUNRISE   625 AM CDT   SUNSET   740 PM CDT


-  INDICATES NEGATIVE NUMBERS.
R  INDICATES RECORD WAS SET OR TIED.
MM INDICATES DATA IS MISSING.
T  INDICATES TRACE AMOUNT.




$$
