000
CXUS54 KJAN 030515
CLMGLH
CLIMATE REPORT
NATIONAL WEATHER SERVICE JACKSON MS
1115 PM CST FRI FEB 02 2024
...................................
...THE GREENVILLE CLIMATE SUMMARY FOR THE MONTH OF JANUARY 2024...
CLIMATE NORMAL PERIOD: 1991 TO 2020
CLIMATE RECORD PERIOD: 1903 TO 2024
WEATHER OBSERVED NORMAL DEPART LAST YEAR`S
VALUE DATE(S) VALUE FROM VALUE DATE(S)
NORMAL
................................................................
TEMPERATURE (F)
RECORD
HIGH 90 01/25/1950
LOW 0 01/11/1982
01/12/1962
01/11/1962
HIGHEST 75 01/30 MM MM 81 01/02
LOWEST 8 01/16 MM MM 28 01/14
AVG. MAXIMUM 50.7 53.0 -2.3 61.1
AVG. MINIMUM 32.1 35.1 -3.0 43.2
MEAN 41.4 44.1 -2.7 52.1
DAYS MAX >= 90 0 0.0 0.0 0
DAYS MAX <= 32 3 1.2 1.8 0
DAYS MIN <= 32 16 13.8 2.2 MM
DAYS MIN <= 0 0 0.0 0.0 MM
PRECIPITATION (INCHES)
RECORD
MAXIMUM 15.40 1939
MINIMUM 0.27 1986
TOTALS 7.65 4.49 3.16 5.06
DAILY AVG. 0.25 0.14 0.11 0.16
DAYS >= .01 13 9.2 3.8 13
DAYS >= .10 10 6.2 3.8 8
DAYS >= .50 6 2.7 3.3 5
DAYS >= 1.00 4 1.4 2.6 1
GREATEST
24 HR. TOTAL 2.85 01/23 TO 01/24 1.67
SNOWFALL (INCHES)
TOTALS 0.0
DEGREE DAYS
HEATING TOTAL 723 651 72 415
SINCE 7/1 1522 1699 -177 MM
COOLING TOTAL 0 2 -2 24
SINCE 1/1 0 2 -2 MM
................................................................
WIND (MPH)
AVERAGE WIND SPEED 9.4
HIGHEST WIND SPEED/DIRECTION 36/250 DATE 01/12
HIGHEST GUST SPEED/DIRECTION 56/250 DATE 01/12
SKY COVER
POSSIBLE SUNSHINE (PERCENT) MM
AVERAGE SKY COVER 0.44
NUMBER OF DAYS FAIR 15
NUMBER OF DAYS PC 7
NUMBER OF DAYS CLOUDY 9
AVERAGE RH (PERCENT) 72
WEATHER CONDITIONS. NUMBER OF DAYS WITH
THUNDERSTORM 3 MIXED PRECIP 0
HEAVY RAIN 7 RAIN 8
LIGHT RAIN 11 FREEZING RAIN 0
LT FREEZING RAIN 0 HAIL 0
HEAVY SNOW 0 SNOW 1
LIGHT SNOW 2 SLEET 0
FOG 15 FOG W/VIS <= 1/4 MILE 4
HAZE 6
- INDICATES NEGATIVE NUMBERS.
R INDICATES RECORD WAS SET OR TIED.
MM INDICATES DATA IS MISSING.
T INDICATES TRACE AMOUNT.
$$