899
CDUS44 KJAN 200710
CLIGWO


CLIMATE REPORT
NATIONAL WEATHER SERVICE JACKSON MS
203 AM CDT FRI APR 20 2018


...................................

...THE GREENWOOD CLIMATE SUMMARY FOR APRIL 19 2018...

CLIMATE NORMAL PERIOD 1981 TO 2010
CLIMATE RECORD PERIOD 1948 TO 2018


WEATHER ITEM   OBSERVED TIME   RECORD YEAR NORMAL DEPARTURE LAST
                VALUE   (LST)  VALUE       VALUE  FROM      YEAR
                                                  NORMAL
..................................................................
TEMPERATURE (F)
 YESTERDAY
  MAXIMUM         65   1216 AM  91    2006  76    -11       85
                                      1987
  MINIMUM         44   1159 PM  36    1983  53     -9       65
  AVERAGE         55                        64     -9       75

PRECIPITATION (IN)
  YESTERDAY        0.00          4.13 1982   0.17  -0.17     0.00
  MONTH TO DATE    4.13                      3.28   0.85     3.66
  SINCE MAR 1      9.87                      7.59   2.28     7.63
  SINCE JAN 1     26.47                     16.53   9.94    15.91

SNOWFALL (IN)
  YESTERDAY        0.0

DEGREE DAYS
 HEATING
  YESTERDAY       10                         3      7        0
  MONTH TO DATE  147                        97     50       26
  SINCE MAR 1    418                       413      5      258
  SINCE JUL 1   2472                      2644   -172     1741

 COOLING
  YESTERDAY        0                         3     -3       10
  MONTH TO DATE   20                        39    -19       77
  SINCE MAR 1     44                        60    -16      138
  SINCE JAN 1     83                        65     18      172
..................................................................


WIND (MPH)
  HIGHEST WIND SPEED    21   HIGHEST WIND DIRECTION     N (20)
  HIGHEST GUST SPEED    28   HIGHEST GUST DIRECTION     N (20)
  AVERAGE WIND SPEED    10.0


SKY COVER
  POSSIBLE SUNSHINE  MM
  AVERAGE SKY COVER 0.0


WEATHER CONDITIONS
 THE FOLLOWING WEATHER WAS RECORDED YESTERDAY.
  NO SIGNIFICANT WEATHER WAS OBSERVED.


RELATIVE HUMIDITY (PERCENT)
 HIGHEST    66           900 PM
 LOWEST     36           100 PM
 AVERAGE    51

..........................................................


THE GREENWOOD CLIMATE NORMALS FOR TODAY
                         NORMAL    RECORD    YEAR
 MAXIMUM TEMPERATURE (F)   76        92      1987
 MINIMUM TEMPERATURE (F)   53        37      2013


SUNRISE AND SUNSET
APRIL 20 2018.........SUNRISE   624 AM CDT   SUNSET   735 PM CDT
APRIL 21 2018.........SUNRISE   623 AM CDT   SUNSET   736 PM CDT


-  INDICATES NEGATIVE NUMBERS.
R  INDICATES RECORD WAS SET OR TIED.
MM INDICATES DATA IS MISSING.
T  INDICATES TRACE AMOUNT.




$$
