000
CXUS54 KJAN 040838
CLMGWO
CLIMATE REPORT
NATIONAL WEATHER SERVICE JACKSON MS
238 AM CST MON DEC 04 2023
...................................
...THE GREENWOOD CLIMATE SUMMARY FOR THE MONTH OF NOVEMBER 2023...
CLIMATE NORMAL PERIOD: 1991 TO 2020
CLIMATE RECORD PERIOD: 1948 TO 2023
WEATHER OBSERVED NORMAL DEPART LAST YEAR`S
VALUE DATE(S) VALUE FROM VALUE DATE(S)
NORMAL
................................................................
TEMPERATURE (F)
RECORD
HIGH 88 11/10/2002
LOW 15 11/25/1950
HIGHEST 87 11/08 MM MM 88 11/08
LOWEST 26 11/01 MM MM 23 11/20
11/02
AVG. MAXIMUM 68.2 65.7 2.5 67.5
AVG. MINIMUM 44.5 41.9 2.6 42.9
MEAN 56.4 53.8 2.6 55.2
DAYS MAX >= 90 0 0.0 0.0 0
DAYS MAX <= 32 0 0.0 0.0 0
DAYS MIN <= 32 5 6.4 -1.4 9
DAYS MIN <= 0 0 0.0 0.0 0
PRECIPITATION (INCHES)
RECORD
MAXIMUM 15.43 1948
MINIMUM 0.11 1949
TOTALS 2.01 3.86 -1.85 4.49
DAILY AVG. 0.07 0.13 -0.06 0.15
DAYS >= .01 6 8.3 -2.3 13
DAYS >= .10 3 5.6 -2.6 7
DAYS >= .50 1 2.9 -1.9 2
DAYS >= 1.00 1 1.2 -0.2 2
GREATEST
24 HR. TOTAL 1.36 11/20 TO 11/20 1.63
SNOWFALL (INCHES)
TOTALS 0.0
DEGREE DAYS
HEATING TOTAL 278 353 -75 324
SINCE 7/1 354 473 -119 MM
COOLING TOTAL 26 17 9 37
SINCE 1/1 2817 2237 580 MM
................................................................
WIND (MPH)
AVERAGE WIND SPEED 4.6
HIGHEST WIND SPEED/DIRECTION 23/200 DATE 11/08
HIGHEST GUST SPEED/DIRECTION 33/190 DATE 11/08
SKY COVER
POSSIBLE SUNSHINE (PERCENT) MM
AVERAGE SKY COVER 0.38
NUMBER OF DAYS FAIR 15
NUMBER OF DAYS PC 7
NUMBER OF DAYS CLOUDY 8
AVERAGE RH (PERCENT) 65
WEATHER CONDITIONS. NUMBER OF DAYS WITH
THUNDERSTORM 0 MIXED PRECIP 0
HEAVY RAIN 1 RAIN 4
LIGHT RAIN 11 FREEZING RAIN 0
LT FREEZING RAIN 0 HAIL 0
HEAVY SNOW 0 SNOW 0
LIGHT SNOW 0 SLEET 0
FOG 10 FOG W/VIS <= 1/4 MILE 3
HAZE 5
- INDICATES NEGATIVE NUMBERS.
R INDICATES RECORD WAS SET OR TIED.
MM INDICATES DATA IS MISSING.
T INDICATES TRACE AMOUNT.
$$