000
CXUS54 KJAN 011510
CF6HBG
PRELIMINARY LOCAL CLIMATOLOGICAL DATA (WS FORM: F-6)
STATION: HATTIESBURG
MONTH: DECEMBER
YEAR: 2021
LATITUDE: 31 16 N
LONGITUDE: 89 15 W
TEMPERATURE IN F: :PCPN: SNOW: WIND :SUNSHINE: SKY :PK WND
================================================================================
1 2 3 4 5 6A 6B 7 8 9 10 11 12 13 14 15 16 17 18
12Z AVG MX 2MIN
DY MAX MIN AVG DEP HDD CDD WTR SNW DPTH SPD SPD DIR MIN PSBL S-S WX SPD DR
================================================================================
1 73 37 55 2 10 0 0.00 0.0 0 2.6 13 230 M M 0 18 230
2 76 47 62 9 3 0 0.00 0.0 0 2.1 10 290 M M 2 12 20 260
3 76 48 62 9 3 0 0.00 0.0 0 2.0 10 190 M M 2 128 14 300
4 75 50 63 10 2 0 0.00 0.0 0 0.9 7 300 M M 5 12 9 250
5 77 57 67 14 0 2 0.00 0.0 0 5.3 15 180 M M 8 12 20 170
6 74 52 63 10 2 0 0.96 0.0 0 6.2 16 200 M M 9 13 26 190
7 55 48 52 0 13 0 T 0.0 0 4.7 10 40 M M 10 1 17 40
8 59 42 51 -1 14 0 0.44 0.0 0 3.7 10 340 M M 6 1 16 360
9 71 40 56 4 9 0 0.09 0.0 0 3.4 9 150 M M 10 12 13 150
10 82 64 73 21 0 8 0.00 0.0 0 8.7 21 190 M M 8 12 30 180
11 80 48 64 12 1 0 0.06 0.0 0 9.9 24 320 M M 7 35 320
12 61 37 49 -3 16 0 0.00 0.0 0 3.9 13 10 M M 0 19 10
13 70 36 53 1 12 0 0.00 0.0 0 0.3 6 110 M M 0 1 9 20
14 74 49 62 10 3 0 0.00 0.0 0 1.7 9 160 M M 5 18 13 170
15 75 56 66 14 0 1 0.00 0.0 0 3.7 14 160 M M 7 12 18 190
16 76 59 68 17 0 3 0.00 0.0 0 5.0 13 140 M M 7 1 16 170
17 73 64 69 18 0 4 0.12 0.0 0 3.6 10 160 M M 10 18 15 160
18 78 63 71 20 0 6 0.45 0.0 0 6.1 17 320 M M 9 13 27 310
19 63 42 53 2 12 0 0.02 0.0 0 7.9 17 330 M M 8 25 350
20 46 40 43 -8 22 0 0.02 0.0 0 4.6 9 340 M M 5 15 320
21 51 37 44 -7 21 0 0.00 0.0 0 5.4 13 340 M M 8 18 10
22 64 32 48 -3 17 0 0.00 0.0 0 2.5 13 330 M M 0 20 330
23 67 31 49 -1 16 0 0.00 0.0 0 2.3 10 180 M M 1 12 16 180
24 76 41 59 9 6 0 0.00 0.0 0 7.6 20 200 M M 3 1 29 190
25 77 56 67 17 0 2 0.00 0.0 0 6.9 17 220 M M 4 1 24 220
26 79 63 71 21 0 6 0.00 0.0 0 5.8 15 200 M M 5 25 240
27 79 59 69 19 0 4 0.00 0.0 0 5.4 17 210 M M 5 1 25 240
28 80 60 70 20 0 5 0.01 0.0 0 9.4 21 180 M M 8 1 32 180
29 82 68 75 25 0 10 0.05 0.0 0 8.3 22 190 M M 7 1 32 180
30 82 64 73 23 0 8 0.00 0.0 0 5.7 18 210 M M 4 18 26 220
31 84 68 76 26 0 11 T 0.0 0 8.3 18 190 M M 6 1 27 190
================================================================================
SM 2235 1558 182 70 2.22 0.0 153.9 M 169
================================================================================
AV 72.1 50.3 5.0 FASTST M M 5 MAX(MPH)
MISC ----> 24 320 35 320
================================================================================
NOTES:
# LAST OF SEVERAL OCCURRENCES
COLUMN 17 PEAK WIND IN M.P.H.
PRELIMINARY LOCAL CLIMATOLOGICAL DATA (WS FORM: F-6) , PAGE 2
STATION: HATTIESBURG
MONTH: DECEMBER
YEAR: 2021
LATITUDE: 31 16 N
LONGITUDE: 89 15 W
[TEMPERATURE DATA] [PRECIPITATION DATA] SYMBOLS USED IN COLUMN 16
AVERAGE MONTHLY: 61.2 TOTAL FOR MONTH: 2.22 1 = FOG OR MIST
DPTR FM NORMAL: 9.8 DPTR FM NORMAL: -2.76 2 = FOG REDUCING VISIBILITY
HIGHEST: 84 ON 31 GRTST 24HR 0.96 ON 6- 6 TO 1/4 MILE OR LESS
LOWEST: 31 ON 23 3 = THUNDER
SNOW, ICE PELLETS, HAIL 4 = ICE PELLETS
TOTAL MONTH: 0.0 INCH 5 = HAIL
GRTST 24HR 0.0 6 = FREEZING RAIN OR DRIZZLE
GRTST DEPTH: 0 7 = DUSTSTORM OR SANDSTORM:
VSBY 1/2 MILE OR LESS
8 = SMOKE OR HAZE
[NO. OF DAYS WITH] [WEATHER - DAYS WITH] 9 = BLOWING SNOW
X = TORNADO
MAX 32 OR BELOW: 0 0.01 INCH OR MORE: 10
MAX 90 OR ABOVE: 0 0.10 INCH OR MORE: 4
MIN 32 OR BELOW: 2 0.50 INCH OR MORE: 1
MIN 0 OR BELOW: 0 1.00 INCH OR MORE: 0
[HDD (BASE 65) ]
TOTAL THIS MO. 182 CLEAR (SCALE 0-3) 8
DPTR FM NORMAL -254 PTCLDY (SCALE 4-7) 17
TOTAL FM JUL 1 495 CLOUDY (SCALE 8-10) 6
DPTR FM NORMAL -290
[CDD (BASE 65) ]
TOTAL THIS MO. 70
DPTR FM NORMAL 55 [PRESSURE DATA]
TOTAL FM JAN 1 2539 HIGHEST SLP 30.40 ON 14
DPTR FM NORMAL 61 LOWEST SLP 29.79 ON 29
[REMARKS]
#FINAL-12-21#