000
CDUS44 KJAN 210715
CLIHBG


CLIMATE REPORT
NATIONAL WEATHER SERVICE JACKSON MS
213 AM CDT SAT APR 21 2018


...................................

...THE HATTIESBURG CLIMATE SUMMARY FOR APRIL 20 2018...

CLIMATE NORMAL PERIOD 1981 TO 2010
CLIMATE RECORD PERIOD 1948 TO 2018


WEATHER ITEM   OBSERVED TIME   RECORD YEAR NORMAL DEPARTURE LAST
                VALUE   (LST)  VALUE       VALUE  FROM      YEAR
                                                  NORMAL
..................................................................
TEMPERATURE (F)
 YESTERDAY
  MAXIMUM         70    431 PM  91    2006  79     -9       86
  MINIMUM         44    554 AM  35    1953  54    -10       64
  AVERAGE         57                        66     -9       75

PRECIPITATION (IN)
  YESTERDAY        0.00          0.76 1970   0.18  -0.18     0.00
  MONTH TO DATE    5.81                      3.49   2.32     3.04
  SINCE MAR 1     10.32                      8.99   1.33     6.18
  SINCE JAN 1     22.75                     20.12   2.63    17.78

SNOWFALL (IN)
  YESTERDAY        0.0

DEGREE DAYS
 HEATING
  YESTERDAY        8                         2      6        0
  MONTH TO DATE   90                        71     19       28
  SINCE MAR 1    298                       288     10      171
  SINCE JUL 1   1873                      1966    -93     1138

 COOLING
  YESTERDAY        0                         3     -3       10
  MONTH TO DATE   22                        50    -28       81
  SINCE MAR 1     69                        83    -14      169
  SINCE JAN 1    151                        98     53      238
..................................................................


WIND (MPH)
  HIGHEST WIND SPEED    14   HIGHEST WIND DIRECTION    NE (30)
  HIGHEST GUST SPEED    19   HIGHEST GUST DIRECTION    NE (30)
  AVERAGE WIND SPEED     4.6


SKY COVER
  POSSIBLE SUNSHINE  MM
  AVERAGE SKY COVER 0.0


WEATHER CONDITIONS
 THE FOLLOWING WEATHER WAS RECORDED YESTERDAY.
  NO SIGNIFICANT WEATHER WAS OBSERVED.


RELATIVE HUMIDITY (PERCENT)
 HIGHEST   100          1100 PM
 LOWEST     37           200 PM
 AVERAGE    69

..........................................................


THE HATTIESBURG CLIMATE NORMALS FOR TODAY
                         NORMAL    RECORD    YEAR
 MAXIMUM TEMPERATURE (F)   79        91      1987
 MINIMUM TEMPERATURE (F)   54        35      1953


SUNRISE AND SUNSET
APRIL 21 2018.........SUNRISE   622 AM CDT   SUNSET   730 PM CDT
APRIL 22 2018.........SUNRISE   621 AM CDT   SUNSET   730 PM CDT


-  INDICATES NEGATIVE NUMBERS.
R  INDICATES RECORD WAS SET OR TIED.
MM INDICATES DATA IS MISSING.
T  INDICATES TRACE AMOUNT.




$$
