000
CXUS54 KJAN 011510
CF6JAN
PRELIMINARY LOCAL CLIMATOLOGICAL DATA (WS FORM: F-6)
STATION: JACKSON
MONTH: DECEMBER
YEAR: 2022
LATITUDE: 32 19 N
LONGITUDE: 90 5 W
TEMPERATURE IN F: :PCPN: SNOW: WIND :SUNSHINE: SKY :PK WND
================================================================================
1 2 3 4 5 6A 6B 7 8 9 10 11 12 13 14 15 16 17 18
12Z AVG MX 2MIN
DY MAX MIN AVG DEP HDD CDD WTR SNW DPTH SPD SPD DIR MIN PSBL S-S WX SPD DR
================================================================================
1 60 33 47 -5 18 0 0.00 0.0 0 5.5 14 60 M M 2 21 20
2 75 34 55 4 10 0 T 0.0 0 8.1 18 180 M M 4 24 170
3 80 54 67 16 0 2 0.04 0.0 0 8.1 20 330 M M 9 1 28 180
4 65 52 59 8 6 0 0.00 0.0 0 4.6 12 10 M M 10 1 14 10
5 71 57 64 13 1 0 0.01 0.0 0 8.6 14 180 M M 9 1 19 180
6 81 68 75 24 0 10 0.00 0.0 0 9.8 18 210 M M 7 28 190
7 82 66 74 24 0 9 0.00 0.0 0 7.9 15 210 M M 4 1 20 220
8 82 61 72 22 0 7 0.00 0.0 0 6.6 14 240 M M 4 1 19 200
9 75 59 67 17 0 2 0.00 0.0 0 4.0 12 250 M M 6 12 15 250
10 74 58 66 16 0 1 0.00 0.0 0 4.2 14 170 M M 7 128 17 170
11 70 60 65 15 0 0 0.12 0.0 0 4.0 13 150 M M 9 1 18 180
12 65 59 62 12 3 0 0.00 0.0 0 5.8 12 20 M M 10 1 14 100
13 71 60 66 16 0 1 T 0.0 0 13.0 23 140 M M 10 1 31 130
14 71 44 58 9 7 0 3.57 0.0 0 8.2 23 330 M M 8 123 33 230
15 58 39 49 0 16 0 0.00 0.0 0 5.5 15 270 M M 0 20 270
16 60 34 47 -2 18 0 T 0.0 0 3.6 16 330 M M 4 24 340
17 54 31 43 -6 22 0 0.00 0.0 0 4.6 17 260 M M 5 25 280
18 52 27 40 -9 25 0 0.00 0.0 0 4.3 17 10 M M 0 22 350
19 44 32 38 -11 27 0 0.77 0.0 0 5.3 12 130 M M 8 1 16 130
20 47 40 44 -4 21 0 0.32 0.0 0 8.1 15 30 M M 10 1 21 10
21 49 45 47 -1 18 0 0.00 0.0 0 5.6 12 160 M M 10 1 15 170
22 59 23 41 -7 24 0 0.04 0.0 0 10.2 30 330 M M 9 1 52 310
23 24 12 18 -30 47 0 0.00 0.0 0 11.7 25 340 M M 1 40 340
24 33 16 25 -23 40 0 0.00 0.0 0 6.6 18 310 M M 1 25 310
25 42 19 31 -17 34 0 0.00 0.0 0 2.9 15 340 M M 1 18 340
26 50 21 36 -12 29 0 0.00 0.0 0 2.5 13 170 M M 3 18 170
27 56 23 40 -8 25 0 0.00 0.0 0 0.8 8 20 M M 2 11 240
28 71 31 51 3 14 0 0.01 0.0 0 10.8 25 180 M M 2 1 34 200
29 73 58 66 19 0 1 0.04 0.0 0 11.9 23 170 M M 6 1 30 160
30 67 54 61 14 4 0 1.20 0.0 0 6.1 28 120 M M 9 13 42 330
31 68 54 61 14 4 0 T 0.0 0 3.3 9 150 M M 7 12 12 150
================================================================================
SM 1929 1324 413 33 6.12 0.0 202.2 M 177
================================================================================
AV 62.2 42.7 6.5 FASTST M M 6 MAX(MPH)
MISC ----> 30 330 52 310
================================================================================
NOTES:
# LAST OF SEVERAL OCCURRENCES
COLUMN 17 PEAK WIND IN M.P.H.
PRELIMINARY LOCAL CLIMATOLOGICAL DATA (WS FORM: F-6) , PAGE 2
STATION: JACKSON
MONTH: DECEMBER
YEAR: 2022
LATITUDE: 32 19 N
LONGITUDE: 90 5 W
[TEMPERATURE DATA] [PRECIPITATION DATA] SYMBOLS USED IN COLUMN 16
AVERAGE MONTHLY: 52.5 TOTAL FOR MONTH: 6.12 1 = FOG OR MIST
DPTR FM NORMAL: 3.4 DPTR FM NORMAL: 0.99 2 = FOG REDUCING VISIBILITY
HIGHEST: 82 ON 8, 7 GRTST 24HR 3.57 ON 14-14 TO 1/4 MILE OR LESS
LOWEST: 12 ON 23 3 = THUNDER
SNOW, ICE PELLETS, HAIL 4 = ICE PELLETS
TOTAL MONTH: 0.0 INCH 5 = HAIL
GRTST 24HR 0.0 6 = FREEZING RAIN OR DRIZZLE
GRTST DEPTH: 0 7 = DUSTSTORM OR SANDSTORM:
VSBY 1/2 MILE OR LESS
8 = SMOKE OR HAZE
[NO. OF DAYS WITH] [WEATHER - DAYS WITH] 9 = BLOWING SNOW
X = TORNADO
MAX 32 OR BELOW: 1 0.01 INCH OR MORE: 10
MAX 90 OR ABOVE: 0 0.10 INCH OR MORE: 5
MIN 32 OR BELOW: 10 0.50 INCH OR MORE: 3
MIN 0 OR BELOW: 0 1.00 INCH OR MORE: 2
[HDD (BASE 65) ]
TOTAL THIS MO. 413 CLEAR (SCALE 0-3) 9
DPTR FM NORMAL -87 PTCLDY (SCALE 4-7) 11
TOTAL FM JUL 1 779 CLOUDY (SCALE 8-10) 11
DPTR FM NORMAL -119
[CDD (BASE 65) ]
TOTAL THIS MO. 33
DPTR FM NORMAL 24 [PRESSURE DATA]
TOTAL FM JAN 1 2487 HIGHEST SLP 30.60 ON 24
DPTR FM NORMAL 84 LOWEST SLP 29.58 ON 14
[REMARKS]
#FINAL-12-22#