000
CXUS54 KJAN 011845
CF6JAN
PRELIMINARY LOCAL CLIMATOLOGICAL DATA (WS FORM: F-6)
STATION: JACKSON
MONTH: JANUARY
YEAR: 2022
LATITUDE: 32 19 N
LONGITUDE: 90 5 W
TEMPERATURE IN F: :PCPN: SNOW: WIND :SUNSHINE: SKY :PK WND
================================================================================
1 2 3 4 5 6A 6B 7 8 9 10 11 12 13 14 15 16 17 18
12Z AVG MX 2MIN
DY MAX MIN AVG DEP HDD CDD WTR SNW DPTH SPD SPD DIR MIN PSBL S-S WX SPD DR
================================================================================
1 85 70 78 31 0 13 0.02 0.0 0 12.4 26 200 M M 7 37 200
2 70 31 51 4 14 0 0.24 T 0 13.0 25 340 M M 10 1 36 300
3 43 29 36 -11 29 0 0.00 0.0 0 8.4 20 330 M M 5 28 350
4 51 26 39 -8 26 0 0.00 0.0 0 5.9 13 190 M M 2 1 18 160
5 66 37 52 5 13 0 0.00 0.0 0 3.8 10 150 M M 5 12 15 330
6 60 34 47 0 18 0 0.01 0.0 0 10.2 18 350 M M 9 1 33 330
7 47 32 40 -7 25 0 0.00 0.0 0 7.4 14 30 M M 5 18 50
8 69 33 51 4 14 0 0.00 0.0 0 11.8 21 160 M M 5 30 150
9 73 46 60 13 5 0 1.01 0.0 0 12.2 22 160 M M 9 123 32 170
10 54 32 43 -4 22 0 0.00 0.0 0 9.7 21 360 M M 3 27 360
11 55 28 42 -5 23 0 0.00 0.0 0 2.4 12 30 M M 0 17 30
12 60 30 45 -2 20 0 0.00 0.0 0 2.0 10 170 M M 2 14 250
13 68 37 53 6 12 0 0.00 0.0 0 4.6 17 270 M M 0 25 260
14 65 34 50 3 15 0 0.00 0.0 0 3.6 13 110 M M 3 17 130
15 54 32 43 -4 22 0 0.38 T 0 10.2 21 270 M M 7 15 29 270
16 40 32 36 -11 29 0 0.01 T 0 9.6 20 290 M M 8 1 32 290
17 54 32 43 -4 22 0 0.00 0.0 0 5.5 16 300 M M 0 22 320
18 63 28 46 -1 19 0 0.00 0.0 0 7.0 17 170 M M 1 23 180
19 73 50 62 15 3 0 0.94 0.0 0 10.4 23 310 M M 8 13 34 300
20 57 29 43 -4 22 0 0.62 0.0 0 13.7 21 350 M M 8 1 30 360
21 38 24 31 -16 34 0 0.00 0.0 0 10.8 17 360 M M 4 23 360
22 43 21 32 -15 33 0 0.00 0.0 0 5.8 13 330 M M 0 18 10
23 55 19 37 -10 28 0 0.00 0.0 0 3.6 14 280 M M 0 20 260
24 63 28 46 -1 19 0 0.11 0.0 0 6.5 17 210 M M 5 1 22 200
25 53 35 44 -3 21 0 0.25 0.0 0 6.6 14 360 M M 7 1 20 360
26 50 29 40 -7 25 0 0.00 0.0 0 9.1 18 20 M M 0 26 10
27 58 25 42 -6 23 0 0.00 0.0 0 4.6 12 340 M M 4 15 340
28 51 36 44 -4 21 0 0.00 0.0 0 12.7 24 340 M M 5 34 350
29 50 21 36 -12 29 0 0.00 0.0 0 5.6 20 350 M M 0 26 360
30 68 34 51 3 14 0 0.00 0.0 0 7.6 17 260 M M 0 26 250
31 68 35 52 4 13 0 0.00 0.0 0 5.5 16 180 M M 1 24 180
================================================================================
SM 1804 1009 613 13 3.59 T 242.2 M 123
================================================================================
AV 58.2 32.5 7.8 FASTST M M 4 MAX(MPH)
MISC ----> 26 200 37 200
================================================================================
NOTES:
# LAST OF SEVERAL OCCURRENCES
COLUMN 17 PEAK WIND IN M.P.H.
PRELIMINARY LOCAL CLIMATOLOGICAL DATA (WS FORM: F-6) , PAGE 2
STATION: JACKSON
MONTH: JANUARY
YEAR: 2022
LATITUDE: 32 19 N
LONGITUDE: 90 5 W
[TEMPERATURE DATA] [PRECIPITATION DATA] SYMBOLS USED IN COLUMN 16
AVERAGE MONTHLY: 45.4 TOTAL FOR MONTH: 3.59 1 = FOG OR MIST
DPTR FM NORMAL: -1.6 DPTR FM NORMAL: -1.83 2 = FOG REDUCING VISIBILITY
HIGHEST: 85 ON 1 GRTST 24HR 1.01 ON 9- 9 TO 1/4 MILE OR LESS
LOWEST: 19 ON 23 3 = THUNDER
SNOW, ICE PELLETS, HAIL 4 = ICE PELLETS
TOTAL MONTH: T 5 = HAIL
GRTST 24HR T ON 2- 2 6 = FREEZING RAIN OR DRIZZLE
GRTST DEPTH: 0 7 = DUSTSTORM OR SANDSTORM:
VSBY 1/2 MILE OR LESS
8 = SMOKE OR HAZE
[NO. OF DAYS WITH] [WEATHER - DAYS WITH] 9 = BLOWING SNOW
X = TORNADO
MAX 32 OR BELOW: 0 0.01 INCH OR MORE: 10
MAX 90 OR ABOVE: 0 0.10 INCH OR MORE: 7
MIN 32 OR BELOW: 19 0.50 INCH OR MORE: 3
MIN 0 OR BELOW: 0 1.00 INCH OR MORE: 1
[HDD (BASE 65) ]
TOTAL THIS MO. 613 CLEAR (SCALE 0-3) 14
DPTR FM NORMAL 51 PTCLDY (SCALE 4-7) 14
TOTAL FM JUL 1 1211 CLOUDY (SCALE 8-10) 3
DPTR FM NORMAL -242
[CDD (BASE 65) ]
TOTAL THIS MO. 13
DPTR FM NORMAL 9 [PRESSURE DATA]
TOTAL FM JAN 1 13 HIGHEST SLP 30.61 ON 11
DPTR FM NORMAL 9 LOWEST SLP 29.64 ON 1
[REMARKS]
#FINAL-01-22#