000
CXUS54 KJAN 011638
CF6MEI
PRELIMINARY LOCAL CLIMATOLOGICAL DATA (WS FORM: F-6)
STATION: MERIDIAN
MONTH: AUGUST
YEAR: 2021
LATITUDE: 32 19 N
LONGITUDE: 88 45 W
TEMPERATURE IN F: :PCPN: SNOW: WIND :SUNSHINE: SKY :PK WND
================================================================================
1 2 3 4 5 6A 6B 7 8 9 10 11 12 13 14 15 16 17 18
12Z AVG MX 2MIN
DY MAX MIN AVG DEP HDD CDD WTR SNW DPTH SPD SPD DIR MIN PSBL S-S WX SPD DR
================================================================================
1 96 74 85 2 0 20 0.05 0.0 0 4.3 15 220 M M 2 13 20 230
2 80 72 76 -7 0 11 0.39 0.0 0 4.9 15 10 M M 7 13 21 360
3 87 70 79 -4 0 14 0.00 0.0 0 5.4 14 10 M M 3 18 10
4 86 66 76 -7 0 11 0.00 0.0 0 4.6 13 10 M M 0 18 360
5 89 65 77 -6 0 12 T 0.0 0 4.2 14 180 M M 4 17 180
6 84 70 77 -6 0 12 0.00 0.0 0 4.1 12 160 M M 5 1 14 170
7 90 66 78 -5 0 13 0.00 0.0 0 0.9 8 290 M M 1 1 11 290
8 91 68 80 -3 0 15 0.00 0.0 0 3.0 8 240 M M 1 12 230
9 92 72 82 -1 0 17 0.00 0.0 0 4.0 12 220 M M 1 1 15 250
10 92 72 82 -1 0 17 0.00 0.0 0 3.1 10 210 M M 1 14 170
11 93 72 83 0 0 18 0.00 0.0 0 3.7 22 170 M M 2 13 28 160
12 88 70 79 -4 0 14 T 0.0 0 3.9 14 170 M M 1 3 19 180
13 91 69 80 -3 0 15 0.00 0.0 0 2.1 9 210 M M 2 12 13 190
14 92 71 82 0 0 17 1.21 0.0 0 4.2 20 190 M M 3 13 28 190
15 89 71 80 -2 0 15 0.02 0.0 0 3.8 21 150 M M 4 3 26 160
16 88 70 79 -3 0 14 0.00 0.0 0 4.4 13 70 M M 2 18 70
17 92 67 80 -2 0 15 0.00 0.0 0 1.5 8 350 M M 1 1 12 290
18 92 72 82 0 0 17 0.02 0.0 0 4.2 13 200 M M 2 18 160
19 91 71 81 -1 0 16 0.24 0.0 0 5.8 16 240 M M 5 13 23 230
20 87 71 79 -3 0 14 0.65 0.0 0 2.5 15 240 M M 6 13 24 210
21 92 71 82 0 0 17 0.00 0.0 0 4.3 14 250 M M 4 1 18 250
22 93 74 84 2 0 19 0.06 0.0 0 3.5 18 240 M M 3 3 28 240
23 94 73 84 2 0 19 0.00 0.0 0 3.4 15 340 M M 2 20 10
24 95 72 84 2 0 19 0.00 0.0 0 2.0 10 50 M M 1 16 50
25 94 73 84 2 0 19 0.08 0.0 0 4.9 15 110 M M 1 20 100
26 89 73 81 0 0 16 0.00 0.0 0 4.6 14 110 M M 2 19 140
27 89 71 80 -1 0 15 0.03 0.0 0 4.3 15 80 M M 2 20 150
28 89 71 80 -1 0 15 0.05 0.0 0 5.9 18 100 M M 2 25 120
29 84 72 78 -3 0 13 0.06 0.0 0 9.4 18 110 M M 4 29 110
30 76 73 75 -6 0 10 3.46 0.0 0 15.9 25 180 M M 10 1 43 120
31 85 72 79 -2 0 14 0.01 0.0 0 9.2 21 220 M M 7 33 220
================================================================================
SM 2770 2194 0 473 6.33 0.0 142.0 M 91
================================================================================
AV 89.4 70.8 4.6 FASTST M M 3 MAX(MPH)
MISC ----> 25 180 43 120
================================================================================
NOTES:
# LAST OF SEVERAL OCCURRENCES
COLUMN 17 PEAK WIND IN M.P.H.
PRELIMINARY LOCAL CLIMATOLOGICAL DATA (WS FORM: F-6) , PAGE 2
STATION: MERIDIAN
MONTH: AUGUST
YEAR: 2021
LATITUDE: 32 19 N
LONGITUDE: 88 45 W
[TEMPERATURE DATA] [PRECIPITATION DATA] SYMBOLS USED IN COLUMN 16
AVERAGE MONTHLY: 80.1 TOTAL FOR MONTH: 6.33 1 = FOG OR MIST
DPTR FM NORMAL: -2.1 DPTR FM NORMAL: 1.97 2 = FOG REDUCING VISIBILITY
HIGHEST: 96 ON 1 GRTST 24HR 3.50 ON 29-30 TO 1/4 MILE OR LESS
LOWEST: 65 ON 5 3 = THUNDER
SNOW, ICE PELLETS, HAIL 4 = ICE PELLETS
TOTAL MONTH: 0.0 INCH 5 = HAIL
GRTST 24HR 0.0 6 = FREEZING RAIN OR DRIZZLE
GRTST DEPTH: 0 7 = DUSTSTORM OR SANDSTORM:
VSBY 1/2 MILE OR LESS
8 = SMOKE OR HAZE
[NO. OF DAYS WITH] [WEATHER - DAYS WITH] 9 = BLOWING SNOW
X = TORNADO
MAX 32 OR BELOW: 0 0.01 INCH OR MORE: 14
MAX 90 OR ABOVE: 16 0.10 INCH OR MORE: 5
MIN 32 OR BELOW: 0 0.50 INCH OR MORE: 3
MIN 0 OR BELOW: 0 1.00 INCH OR MORE: 2
[HDD (BASE 65) ]
TOTAL THIS MO. 0 CLEAR (SCALE 0-3) 20
DPTR FM NORMAL 0 PTCLDY (SCALE 4-7) 10
TOTAL FM JUL 1 0 CLOUDY (SCALE 8-10) 1
DPTR FM NORMAL 0
[CDD (BASE 65) ]
TOTAL THIS MO. 473
DPTR FM NORMAL -60 [PRESSURE DATA]
TOTAL FM JAN 1 1679 HIGHEST SLP 30.19 ON 13
DPTR FM NORMAL -267 LOWEST SLP 29.56 ON 30
[REMARKS]
#FINAL-08-21#