445
CDUS44 KJAN 210752
CLIMEI


CLIMATE REPORT
NATIONAL WEATHER SERVICE JACKSON MS
248 AM CDT MON MAY 21 2018


...................................

...THE MERIDIAN CLIMATE SUMMARY FOR MAY 20 2018...

CLIMATE NORMAL PERIOD 1981 TO 2010
CLIMATE RECORD PERIOD 1889 TO 2018


WEATHER ITEM   OBSERVED TIME   RECORD YEAR NORMAL DEPARTURE LAST
                VALUE   (LST)  VALUE       VALUE  FROM      YEAR
                                                  NORMAL
..................................................................
TEMPERATURE (F)
 YESTERDAY
  MAXIMUM         93   1253 PM  97    1962  84      9       85
  MINIMUM         68    526 AM  40    2002  60      8       70
  AVERAGE         81                        72      9       78

PRECIPITATION (IN)
  YESTERDAY        0.39          2.71 2000   0.15   0.24     1.32
  MONTH TO DATE    1.05                      2.90  -1.85     2.01
  SINCE MAR 1     12.92                     13.10  -0.18    17.71
  SINCE JAN 1     24.86                     23.83   1.03    27.28

SNOWFALL (IN)
  YESTERDAY        0.0           0.0    MM   0.0    0.0      0.0
  MONTH TO DATE    0.0                       0.0    0.0      0.0
  SINCE MAR 1      0.0                       0.3   -0.3      0.0
  SINCE JUL 1      5.3                       0.6    4.7      0.8

DEGREE DAYS
 HEATING
  YESTERDAY        0                         0      0        0
  MONTH TO DATE    0                        16    -16       13
  SINCE MAR 1    351                       453   -102      234
  SINCE JUL 1   2104                      2550   -446     1362

 COOLING
  YESTERDAY       16                         7      9       13
  MONTH TO DATE  203                       105     98      128
  SINCE MAR 1    274                       181     93      345
  SINCE JAN 1    348                       188    160      391
..................................................................


WIND (MPH)
  HIGHEST WIND SPEED    32   HIGHEST WIND DIRECTION     E (70)
  HIGHEST GUST SPEED    32   HIGHEST GUST DIRECTION    NE (40)
  AVERAGE WIND SPEED     3.4


SKY COVER
  POSSIBLE SUNSHINE  MM
  AVERAGE SKY COVER 0.1


WEATHER CONDITIONS
 THE FOLLOWING WEATHER WAS RECORDED YESTERDAY.
  THUNDERSTORM
  HEAVY RAIN
  RAIN
  LIGHT RAIN
  HAZE


RELATIVE HUMIDITY (PERCENT)
 HIGHEST    90           400 AM
 LOWEST     50          1000 AM
 AVERAGE    70

..........................................................


THE MERIDIAN CLIMATE NORMALS FOR TODAY
                         NORMAL    RECORD    YEAR
 MAXIMUM TEMPERATURE (F)   84        95      1962
 MINIMUM TEMPERATURE (F)   60        42      1894


SUNRISE AND SUNSET
MAY 21 2018...........SUNRISE   553 AM CDT   SUNSET   750 PM CDT
MAY 22 2018...........SUNRISE   553 AM CDT   SUNSET   751 PM CDT


-  INDICATES NEGATIVE NUMBERS.
R  INDICATES RECORD WAS SET OR TIED.
MM INDICATES DATA IS MISSING.
T  INDICATES TRACE AMOUNT.




$$
