000
CXUS54 KJAN 031732
CF6TVR
PRELIMINARY LOCAL CLIMATOLOGICAL DATA (WS FORM: F-6)
STATION: VICKSBURG
MONTH: AUGUST
YEAR: 2020
LATITUDE: 32 20 N
LONGITUDE: 91 2 W
TEMPERATURE IN F: :PCPN: SNOW: WIND :SUNSHINE: SKY :PK WND
================================================================================
1 2 3 4 5 6A 6B 7 8 9 10 11 12 13 14 15 16 17 18
12Z AVG MX 2MIN
DY MAX MIN AVG DEP HDD CDD WTR SNW DPTH SPD SPD DIR MIN PSBL S-S WX SPD DR
================================================================================
1 90 73 82 0 0 17 0.00 0.0 0 2.2 12 170 M M 5 13 15 150
2 93 71 82 0 0 17 0.00 0.0 0 1.0 8 20 M M 2 12 15 20
3 95 69 82 0 0 17 0.52 0.0 0 1.7 13 80 M M 2 12 25 280
4 94 71 83 1 0 18 0.00 0.0 0 4.0 13 30 M M 2 1 19 10
5 91 69 80 -2 0 15 0.00 0.0 0 5.0 14 30 M M 1 18 17 30
6 91 65 78 -4 0 13 0.00 0.0 0 4.3 14 30 M M 0 20 40
7 94 65 80 -2 0 15 0.00 0.0 0 2.5 9 10 M M 0 1 14 10
8 98 70 84 2 0 19 0.00 0.0 0 1.3 8 80 M M 0 18 13 60
9 97 73 85 3 0 20 0.00 0.0 0 1.9 12 180 M M 1 18 18 170
10 98 75 87 5 0 22 0.00 0.0 0 1.8 9 170 M M 1 18 16 150
11 97 75 86 4 0 21 0.00 0.0 0 1.7 9 170 M M 1 18 16 140
12 95 74 85 4 0 20 0.74 0.0 0 3.2 23 80 M M 2 13 35 280
13 82 72 77 -4 0 12 1.60 0.0 0 4.0 23 20 M M 6 13 31 20
14 82 73 78 -3 0 13 1.32 0.0 0 2.4 12 30 M M 5 13 17 280
15 96 71 84 3 0 19 T 0.0 0 1.8 10 360 M M 2 12 13 10
16 98 74 86 5 0 21 T 0.0 0 2.5 16 10 M M 2 128 24 10
17 92 68 80 -1 0 15 0.00 0.0 0 5.2 13 360 M M 0 17 10
18 96 68 82 1 0 17 0.12 0.0 0 3.1 12 320 M M 1 18 19 330
19 91 70 81 0 0 16 0.00 0.0 0 5.7 14 10 M M 0 18 19 10
20 89 68 79 -2 0 14 0.07 0.0 0 5.6 25 120 M M 2 13 34 120
21 89 69 79 -2 0 14 T 0.0 0 3.3 10 150 M M 3 13 110
22 92 67 80 0 0 15 0.00 0.0 0 2.2 10 40 M M 0 1 15 60
23 95 69 82 2 0 17 0.00 0.0 0 3.2 12 30 M M 1 18 17 20
24 95 71 83 3 0 18 0.09 0.0 0 4.6 13 80 M M 2 18 100
25 91 76 84 4 0 19 0.02 0.0 0 7.4 17 130 M M 3 1 23 100
26 97 79 88 8 0 23 0.26 0.0 0 9.7 25 110 M M 1 13 40 130
27 88 75 82 2 0 17 0.29 0.0 0 13.7 31 160 M M 5 1 50 160
28 94 78 86 6 0 21 0.00 0.0 0 6.6 21 170 M M 3 27 190
29 96 75 86 7 0 21 T 0.0 0 3.3 14 180 M M 4 1 19 170
30 95 76 86 7 0 21 0.07 0.0 0 2.6 12 290 M M 2 13 21 290
31 96 76 86 7 0 21 0.10 0.0 0 2.6 12 220 M M 3 138 28 220
================================================================================
SM 2887 2225 0 548 5.20 0.0 120.1 M 62
================================================================================
AV 93.1 71.8 3.9 FASTST M M 2 MAX(MPH)
MISC ----> # 31 160 # 50 160
================================================================================
NOTES:
# LAST OF SEVERAL OCCURRENCES
COLUMN 17 PEAK WIND IN M.P.H.
PRELIMINARY LOCAL CLIMATOLOGICAL DATA (WS FORM: F-6) , PAGE 2
STATION: VICKSBURG
MONTH: AUGUST
YEAR: 2020
LATITUDE: 32 20 N
LONGITUDE: 91 2 W
[TEMPERATURE DATA] [PRECIPITATION DATA] SYMBOLS USED IN COLUMN 16
AVERAGE MONTHLY: 82.5 TOTAL FOR MONTH: 5.20 1 = FOG OR MIST
DPTR FM NORMAL: 1.6 DPTR FM NORMAL: 1.55 2 = FOG REDUCING VISIBILITY
HIGHEST: 98 ON 16,10 GRTST 24HR 1.60 ON 13-13 TO 1/4 MILE OR LESS
LOWEST: 65 ON 7, 6 3 = THUNDER
SNOW, ICE PELLETS, HAIL 4 = ICE PELLETS
TOTAL MONTH: 0.0 INCH 5 = HAIL
GRTST 24HR 0.0 6 = FREEZING RAIN OR DRIZZLE
GRTST DEPTH: 0 7 = DUSTSTORM OR SANDSTORM:
VSBY 1/2 MILE OR LESS
8 = SMOKE OR HAZE
[NO. OF DAYS WITH] [WEATHER - DAYS WITH] 9 = BLOWING SNOW
X = TORNADO
MAX 32 OR BELOW: 0 0.01 INCH OR MORE: 12
MAX 90 OR ABOVE: 26 0.10 INCH OR MORE: 8
MIN 32 OR BELOW: 0 0.50 INCH OR MORE: 4
MIN 0 OR BELOW: 0 1.00 INCH OR MORE: 2
[HDD (BASE 65) ]
TOTAL THIS MO. 0 CLEAR (SCALE 0-3) 23
DPTR FM NORMAL 0 PTCLDY (SCALE 4-7) 8
TOTAL FM JUL 1 0 CLOUDY (SCALE 8-10) 0
DPTR FM NORMAL 0
[CDD (BASE 65) ]
TOTAL THIS MO. 548
DPTR FM NORMAL 57 [PRESSURE DATA]
TOTAL FM JAN 1 2166 HIGHEST SLP M ON M
DPTR FM NORMAL 377 LOWEST SLP 29.73 ON 27
[REMARKS]
#FINAL-08-20#