000
CDUS44 KFWD 030651
CLIACT


CLIMATE REPORT
NATIONAL WEATHER SERVICE FORT WORTH TX
150 AM CDT TUE APR 3 2018


...................................

...THE WACO CLIMATE SUMMARY FOR APRIL 2 2018...

CLIMATE NORMAL PERIOD 1981 TO 2010
CLIMATE RECORD PERIOD 1901 TO 2018


WEATHER ITEM   OBSERVED TIME   RECORD YEAR NORMAL DEPARTURE LAST
                VALUE   (LST)  VALUE       VALUE  FROM      YEAR
                                                  NORMAL
..................................................................
TEMPERATURE (F)
 YESTERDAY
  MAXIMUM         67   1159 PM  93    1918  74     -7       74
  MINIMUM         48   1157 AM  34    1975  51     -3       55
  AVERAGE         58                        63     -5       65

PRECIPITATION (IN)
  YESTERDAY        T             1.65 1916   0.08  -0.08     1.30
  MONTH TO DATE    T                         0.15  -0.15     1.30
  SINCE MAR 1      2.49                      3.30  -0.81     4.62
  SINCE JAN 1      4.92                      8.05  -3.13    10.78

SNOWFALL (IN)
  YESTERDAY        0.0           T    1992   0.0    0.0      0.0
  MONTH TO DATE    0.0                       0.0    0.0      0.0
  SINCE MAR 1      0.0                       0.1   -0.1      0.0
  SINCE JUL 1      T                         0.9   -0.9       T
  SNOW DEPTH       0

DEGREE DAYS
 HEATING
  YESTERDAY        7                         5      2        0
  MONTH TO DATE    7                        10     -3        0
  SINCE MAR 1    161                       256    -95      118
  SINCE JUL 1   1964                      2068   -104     1294

 COOLING
  YESTERDAY        0                         2     -2        0
  MONTH TO DATE    0                         4     -4        2
  SINCE MAR 1     67                        38     29       97
  SINCE JAN 1     87                        47     40      155
..................................................................


WIND (MPH)
  HIGHEST WIND SPEED    17   HIGHEST WIND DIRECTION     S (160)
  HIGHEST GUST SPEED    22   HIGHEST GUST DIRECTION     S (160)
  AVERAGE WIND SPEED     7.5


SKY COVER
  POSSIBLE SUNSHINE  MM
  AVERAGE SKY COVER 0.7


WEATHER CONDITIONS
 THE FOLLOWING WEATHER WAS RECORDED YESTERDAY.
  LIGHT RAIN
  FOG
  HAZE


RELATIVE HUMIDITY (PERCENT)
 HIGHEST    93           600 AM
 LOWEST     77          1200 AM
 AVERAGE    85

..........................................................


THE WACO CLIMATE NORMALS FOR TODAY
                         NORMAL    RECORD    YEAR
 MAXIMUM TEMPERATURE (F)   74        93      1989
 MINIMUM TEMPERATURE (F)   51        27      1975


SUNRISE AND SUNSET
APRIL  3 2018.........SUNRISE   715 AM CDT   SUNSET   750 PM CDT
APRIL  4 2018.........SUNRISE   714 AM CDT   SUNSET   750 PM CDT


-  INDICATES NEGATIVE NUMBERS.
R  INDICATES RECORD WAS SET OR TIED.
MM INDICATES DATA IS MISSING.
T  INDICATES TRACE AMOUNT.




$$
