000
CXUS54 KHGX 011535
CF6DWH
PRELIMINARY LOCAL CLIMATOLOGICAL DATA (WS FORM: F-6)
STATION: HOUSTON/D.W._HOOKS
MONTH: FEBRUARY
YEAR: 2022
LATITUDE: 30 4 N
LONGITUDE: 95 33 W
TEMPERATURE IN F: :PCPN: SNOW: WIND :SUNSHINE: SKY :PK WND
================================================================================
1 2 3 4 5 6A 6B 7 8 9 10 11 12 13 14 15 16 17 18
12Z AVG MX 2MIN
DY MAX MIN AVG DEP HDD CDD WTR SNW DPTH SPD SPD DIR MIN PSBL S-S WX SPD DR
================================================================================
1 69 53 61 6 4 0 0.00 0.0 0 4.1 14 130 M M 9 12 22 130
2 75 45 60 5 5 0 0.13 0.0 0 5.8 21 320 M M 9 128 33 330
3 45 29 37 -18 28 0 0.18 T 0 12.4 20 330 M M 10 16 32 340
4 34 26 30 -25 35 0 0.00 0.0 0 11.9 21 320 M M 10 32 320
5 52 26 39 -16 26 0 0.00 0.0 0 3.2 9 20 M M 0 13 60
6 61 26 44 -11 21 0 0.00 0.0 0 1.2 8 200 M M 2 1 14 200
7 64 37 51 -5 14 0 0.00 0.0 0 5.6 15 330 M M 0 24 20
8 66 31 49 -7 16 0 0.00 0.0 0 2.4 8 50 M M 0 12 50
9 71 33 52 -4 13 0 0.00 0.0 0 3.2 14 260 M M 0 18 21 240
10 73 37 55 -1 10 0 0.00 0.0 0 3.2 10 230 M M 0 18 14 230
11 75 39 57 1 8 0 0.00 0.0 0 4.8 14 200 M M 0 12 20 190
12 57 34 46 -11 19 0 0.43 0.0 0 8.8 25 360 M M 6 1238 47 350
13 61 27 44 -13 21 0 0.00 0.0 0 3.1 12 360 M M 0 17 360
14 69 35 52 -5 13 0 0.00 0.0 0 5.4 13 120 M M 0 27 140
15 74 40 57 0 8 0 0.00 0.0 0 7.9 22 120 M M 5 33 130
16 79 61 70 13 0 5 0.07 0.0 0 10.4 21 160 M M 9 1 33 170
17 80 39 60 2 5 0 0.15 0.0 0 11.7 23 330 M M 5 18 36 310
18 57 36 47 -11 18 0 0.00 0.0 0 7.5 18 360 M M 1 29 360
19 68 34 51 -7 14 0 0.00 0.0 0 3.6 10 70 M M 0 16 20
20 68 43 56 -2 9 0 0.00 0.0 0 4.8 13 120 M M 8 1 19 140
21 83 61 72 14 0 7 0.05 0.0 0 11.3 24 200 M M 8 1 34 210
22 82 61 72 13 0 7 T 0.0 0 9.0 21 190 M M 8 34 180
23 61 36 49 -10 16 0 0.01 0.0 0 9.8 16 360 M M 10 1 25 10
24 44 36 40 -19 25 0 0.01 0.0 0 7.4 16 360 M M 10 1 21 10
25 45 37 41 -18 24 0 T 0.0 0 9.5 15 30 M M 10 23 350
26 43 41 42 -18 23 0 0.22 0.0 0 7.3 13 30 M M 10 1 19 30
27 62 40 51 -9 14 0 0.00 0.0 0 7.8 16 360 M M 5 1 23 360
28 67 31 49 -11 16 0 0.00 0.0 0 1.9 10 30 M M 0 17 60
================================================================================
SM 1785 1074 405 19 1.25 T 185.0 M 135
================================================================================
AV 63.8 38.4 6.6 FASTST M M 5 MAX(MPH)
MISC ----> 25 360 47 350
================================================================================
NOTES:
# LAST OF SEVERAL OCCURRENCES
COLUMN 17 PEAK WIND IN M.P.H.
PRELIMINARY LOCAL CLIMATOLOGICAL DATA (WS FORM: F-6) , PAGE 2
STATION: HOUSTON/D.W._HOOKS
MONTH: FEBRUARY
YEAR: 2022
LATITUDE: 30 4 N
LONGITUDE: 95 33 W
[TEMPERATURE DATA] [PRECIPITATION DATA] SYMBOLS USED IN COLUMN 16
AVERAGE MONTHLY: 51.1 TOTAL FOR MONTH: 1.25 1 = FOG OR MIST
DPTR FM NORMAL: -6.1 DPTR FM NORMAL: -1.45 2 = FOG REDUCING VISIBILITY
HIGHEST: 83 ON 21 GRTST 24HR 1.13 ON 31- 1 TO 1/4 MILE OR LESS
LOWEST: 26 ON 6, 5 3 = THUNDER
SNOW, ICE PELLETS, HAIL 4 = ICE PELLETS
TOTAL MONTH: T 5 = HAIL
GRTST 24HR T ON 3- 3 6 = FREEZING RAIN OR DRIZZLE
GRTST DEPTH: 0 7 = DUSTSTORM OR SANDSTORM:
VSBY 1/2 MILE OR LESS
8 = SMOKE OR HAZE
[NO. OF DAYS WITH] [WEATHER - DAYS WITH] 9 = BLOWING SNOW
X = TORNADO
MAX 32 OR BELOW: 0 0.01 INCH OR MORE: 9
MAX 90 OR ABOVE: 0 0.10 INCH OR MORE: 5
MIN 32 OR BELOW: 7 0.50 INCH OR MORE: 0
MIN 0 OR BELOW: 0 1.00 INCH OR MORE: 0
[HDD (BASE 65) ]
TOTAL THIS MO. 405 CLEAR (SCALE 0-3) 12
DPTR FM NORMAL 153 PTCLDY (SCALE 4-7) 6
TOTAL FM JUL 1 1058 CLOUDY (SCALE 8-10) 10
DPTR FM NORMAL -140
[CDD (BASE 65) ]
TOTAL THIS MO. 19
DPTR FM NORMAL -13 [PRESSURE DATA]
TOTAL FM JAN 1 26 HIGHEST SLP 30.64 ON 5
DPTR FM NORMAL -23 LOWEST SLP 29.76 ON 2
[REMARKS]
#FINAL-02-22#