000
CXUS53 KJKL 011310
CF6JKL
PRELIMINARY LOCAL CLIMATOLOGICAL DATA (WS FORM: F-6)
STATION: JACKSON KY
MONTH: JUNE
YEAR: 2023
LATITUDE: 37 35 N
LONGITUDE: 83 19 W
TEMPERATURE IN F: :PCPN: SNOW: WIND :SUNSHINE: SKY :PK WND
================================================================================
1 2 3 4 5 6A 6B 7 8 9 10 11 12 13 14 15 16 17 18
12Z AVG MX 2MIN
DY MAX MIN AVG DEP HDD CDD WTR SNW DPTH SPD SPD DIR MIN PSBL S-S WX SPD DR
================================================================================
1 84 63 74 5 0 9 0.00 0.0 0 0.7 7 110 M M 0 13 80
2 86 63 75 6 0 10 0.00 0.0 0 0.3 7 110 M M 0 15 140
3 88 60 74 4 0 9 0.00 0.0 0 0.7 8 140 M M 1 19 60
4 86 61 74 4 0 9 0.00 0.0 0 0.7 6 120 M M 0 9 10
5 82 64 73 3 0 8 0.00 0.0 0 0.7 7 320 M M 0 11 340
6 80 54 67 -3 0 2 T 0.0 0 1.0 7 340 M M 1 8 14 350
7 70 59 65 -6 0 0 0.37 0.0 0 0.3 7 340 M M 9 128 12 330
8 74 50 62 -9 3 0 0.00 0.0 0 0.4 10 310 M M 2 12 16 310
9 77 50 64 -7 1 0 0.00 0.0 0 1.5 10 320 M M 1 1 14 320
10 81 54 68 -3 0 3 0.00 0.0 0 1.5 8 190 M M 0 14 250
11 78 60 69 -3 0 4 1.24 0.0 0 4.3 12 160 M M 6 13 22 170
12 73 57 65 -7 0 0 0.33 0.0 0 4.3 17 300 M M 8 1 27 300
13 74 51 63 -9 2 0 0.00 0.0 0 2.2 9 190 M M 1 1 19 150
14 80 60 70 -2 0 5 0.04 0.0 0 2.3 12 270 M M 4 3 23 260
15 81 60 71 -2 0 6 0.00 0.0 0 2.0 9 310 M M 1 15 300
16 78 61 70 -3 0 5 0.00 0.0 0 4.2 14 300 M M 1 8 23 330
17 77 55 66 -7 0 1 0.00 0.0 0 0.9 8 330 M M 1 1 14 340
18 82 56 69 -4 0 4 0.00 0.0 0 1.2 9 170 M M 0 18 14 150
19 78 65 72 -2 0 7 0.34 0.0 0 2.4 9 180 M M 8 1 18 160
20 80 66 73 -1 0 8 T 0.0 0 1.0 7 90 M M 6 13 18 80
21 75 61 68 -6 0 3 0.04 0.0 0 1.6 8 70 M M 8 1 17 150
22 69 59 64 -10 1 0 0.39 0.0 0 0.3 6 110 M M 10 1 11 120
23 74 64 69 -5 0 4 0.10 0.0 0 1.9 8 300 M M 10 128 13 310
24 82 65 74 0 0 9 T 0.0 0 1.0 7 310 M M 7 11 310
25 82 66 74 -1 0 9 0.14 0.0 0 2.2 13 280 M M 2 13 27 200
26 83 63 73 -2 0 8 0.58 0.0 0 4.1 18 150 M M 4 13 32 190
27 79 62 71 -4 0 6 0.00 0.0 0 2.0 10 300 M M 5 1 20 280
28 81 64 73 -2 0 8 0.00 0.0 0 0.5 6 310 M M 5 18 10 290
29 84 63 74 -1 0 9 0.00 0.0 0 2.2 10 150 M M 0 18 20 170
30 84 67 76 1 0 11 0.07 0.0 0 1.7 10 310 M M 5 1238 17 170
================================================================================
SM 2382 1803 7 157 3.64 0.0 50.1 M 106
================================================================================
AV 79.4 60.1 1.7 FASTST M M 4 MAX(MPH)
MISC ----> 18 150 32 190
================================================================================
NOTES:
# LAST OF SEVERAL OCCURRENCES
COLUMN 17 PEAK WIND IN M.P.H.
PRELIMINARY LOCAL CLIMATOLOGICAL DATA (WS FORM: F-6) , PAGE 2
STATION: JACKSON KY
MONTH: JUNE
YEAR: 2023
LATITUDE: 37 35 N
LONGITUDE: 83 19 W
[TEMPERATURE DATA] [PRECIPITATION DATA] SYMBOLS USED IN COLUMN 16
AVERAGE MONTHLY: 69.8 TOTAL FOR MONTH: 3.64 1 = FOG OR MIST
DPTR FM NORMAL: -2.8 DPTR FM NORMAL: -1.61 2 = FOG REDUCING VISIBILITY
HIGHEST: 88 ON 3 GRTST 24HR 1.55 ON 11-12 TO 1/4 MILE OR LESS
LOWEST: 50 ON 9, 8 3 = THUNDER
SNOW, ICE PELLETS, HAIL 4 = ICE PELLETS
TOTAL MONTH: 0.0 INCH 5 = HAIL
GRTST 24HR 0.0 6 = FREEZING RAIN OR DRIZZLE
GRTST DEPTH: 0 7 = DUSTSTORM OR SANDSTORM:
VSBY 1/2 MILE OR LESS
8 = SMOKE OR HAZE
[NO. OF DAYS WITH] [WEATHER - DAYS WITH] 9 = BLOWING SNOW
X = TORNADO
MAX 32 OR BELOW: 0 0.01 INCH OR MORE: 11
MAX 90 OR ABOVE: 0 0.10 INCH OR MORE: 8
MIN 32 OR BELOW: 0 0.50 INCH OR MORE: 2
MIN 0 OR BELOW: 0 1.00 INCH OR MORE: 1
[HDD (BASE 65) ]
TOTAL THIS MO. 7 CLEAR (SCALE 0-3) 16
DPTR FM NORMAL -2 PTCLDY (SCALE 4-7) 11
TOTAL FM JUL 1 3436 CLOUDY (SCALE 8-10) 3
DPTR FM NORMAL -628
[CDD (BASE 65) ]
TOTAL THIS MO. 157
DPTR FM NORMAL -78 [PRESSURE DATA]
TOTAL FM JAN 1 264 HIGHEST SLP 30.10 ON 29
DPTR FM NORMAL -130 LOWEST SLP 29.58 ON 12
[REMARKS]
#FINAL-06-23#