000
CXUS55 KJKL 011000
CF6JKL
PRELIMINARY LOCAL CLIMATOLOGICAL DATA (WS FORM: F-6)

                                          STATION:   JACKSON KY
                                          MONTH:     APRIL
                                          YEAR:      2018
                                          LATITUDE:   37 35 N
                                          LONGITUDE:  83 19 W

  TEMPERATURE IN F:       :PCPN:    SNOW:  WIND      :SUNSHINE: SKY     :PK WND
================================================================================
1   2   3   4   5  6A  6B    7    8   9   10  11  12  13   14  15   16   17  18
                                     12Z  AVG MX 2MIN
DY MAX MIN AVG DEP HDD CDD  WTR  SNW DPTH SPD SPD DIR MIN PSBL S-S WX    SPD DR
================================================================================

 1  58  41  50  -3  15   0 0.22  0.0    0  3.0 13 330   M    M  10 1      20 330
 2  46  37  42 -11  23   0 0.76  0.0    0  2.5 10  20   M    M  10 1      16 120
 3  78  45  62   8   3   0 0.76  0.0    0  7.0 17 250   M    M   3 13     40 240
 4  60  32  46  -8  19   0 0.45  0.0    0 10.0 22 270   M    M   6 13     39 280
 5  55  28  42 -12  23   0 0.00  0.0    0  2.3  8 250   M    M   0        13 240
 6  68  41  55   1  10   0 0.03  0.0    0  6.7 14  10   M    M   2 1      26 360
 7  42  30  36 -19  29   0 0.10  0.2    T  4.5 13  40   M    M   8 1      20  60
 8  48  25  37 -18  28   0 0.00  0.0    0  2.1  8 300   M    M   2        14 250
 9  51  32  42 -14  23   0 0.05  0.2    T  3.3  9 340   M    M   8 1      14  40
10  54  34  44 -12  21   0 0.00  0.0    0  2.2 10 330   M    M   7        16 320
11  66  34  50  -6  15   0 0.00  0.0    0  3.6 12 260   M    M   1        18 240
12  80  50  65   9   0   0 0.00  0.0    0  7.6 18 230   M    M   0        34 270
13  83  62  73  16   0   8 0.00  0.0    0  7.4 15 190   M    M   0        27 160
14  80  60  70  13   0   5    T  0.0    0  6.3 17 190   M    M   4        34 220
15  65  42  54  -3  11   0 0.72  0.0    0  5.6 16 260   M    M   9 12     29 280
16  42  30  36 -22  29   0 0.06  0.3    0  7.6 18 260   M    M  10 18     33 300
17  64  31  48 -10  17   0 0.00  0.0    0  6.0 17 240   M    M   4        30 180
18  83  40  62   4   3   0 0.01  0.0    0  5.6 17 310   M    M   3 1      33 340
19  57  37  47 -11  18   0 0.05  0.0    0  7.1 17 310   M    M   7 1      32 290
20  62  35  49 -10  16   0 0.00  0.0    0  4.3  8 300   M    M   0 1      16  40
21  72  41  57  -2   8   0 0.00  0.0    0  4.5  8  50   M    M   0        15  40
22  73  51  62   3   3   0 0.00  0.0    0  3.1  8  50   M    M   1        16  50
23  61  52  57  -3   8   0 0.57  0.0    0  5.2 15 140   M    M   8 1      25 120
24  63  53  58  -2   7   0 0.14  0.0    0  2.8  9 300   M    M   9 1      17  70
25  58  50  54  -6  11   0 0.10  0.0    0  3.9 10 320   M    M   8 18     17 320
26  64  49  57  -3   8   0 0.09  0.0    0  1.9  6 290   M    M   6 12     10 210
27  72  49  61   0   4   0 0.01  0.0    0  4.7 16 290   M    M   5 12     26 280
28  69  44  57  -4   8   0 0.00  0.0    0  6.7 21 280   M    M   1        33 290
29  62  39  51 -10  14   0 0.00  0.0    0  3.7 13 300   M    M   0        24 310
30  75  37  56  -5   9   0 0.00  0.0    0  1.6  8 300   M    M   0        15 290
================================================================================
SM 1911 1231       383  13  4.12     0.7 142.8          M      132
================================================================================
AV 63.7 41.0                               4.8 FASTST   M    M   4    MAX(MPH)
                                 MISC ---->  # 22 270               # 40  240
================================================================================
NOTES:
# LAST OF SEVERAL OCCURRENCES

COLUMN 17 PEAK WIND IN M.P.H.

PRELIMINARY LOCAL CLIMATOLOGICAL DATA (WS FORM: F-6) , PAGE 2

                                          STATION:  JACKSON KY
                                          MONTH:    APRIL
                                          YEAR:     2018
                                          LATITUDE:   37 35 N
                                          LONGITUDE:  83 19 W

[TEMPERATURE DATA]      [PRECIPITATION DATA]       SYMBOLS USED IN COLUMN 16

AVERAGE MONTHLY: 52.4   TOTAL FOR MONTH:   4.12    1 = FOG OR MIST
DPTR FM NORMAL:  -5.0   DPTR FM NORMAL:    0.29    2 = FOG REDUCING VISIBILITY
HIGHEST:    83 ON 18,13 GRTST 24HR  0.76 ON  3- 3      TO 1/4 MILE OR LESS
LOWEST:     25 ON  8                               3 = THUNDER
                        SNOW, ICE PELLETS, HAIL    4 = ICE PELLETS
                        TOTAL MONTH:   0.7 INCH    5 = HAIL
                        GRTST 24HR   0.3 ON 16-16  6 = FREEZING RAIN OR DRIZZLE
                        GRTST DEPTH:   0           7 = DUSTSTORM OR SANDSTORM:
                                                       VSBY 1/2 MILE OR LESS
                                                   8 = SMOKE OR HAZE
[NO. OF DAYS WITH]      [WEATHER - DAYS WITH]      9 = BLOWING SNOW
                                                   X = TORNADO
MAX 32 OR BELOW:   0    0.01 INCH OR MORE:  16
MAX 90 OR ABOVE:   0    0.10 INCH OR MORE:   9
MIN 32 OR BELOW:   7    0.50 INCH OR MORE:   4
MIN  0 OR BELOW:   0    1.00 INCH OR MORE:   0

[HDD (BASE 65) ]
TOTAL THIS MO.   383    CLEAR  (SCALE 0-3)  12
DPTR FM NORMAL   115    PTCLDY (SCALE 4-7)  11
TOTAL FM JUL 1  4137    CLOUDY (SCALE 8-10)  7
DPTR FM NORMAL    16

[CDD (BASE 65) ]
TOTAL THIS MO.    13
DPTR FM NORMAL   -26    [PRESSURE DATA]
TOTAL FM JAN 1    25    HIGHEST SLP 30.45 ON 20
DPTR FM NORMAL   -21    LOWEST  SLP 29.59 ON  3

[REMARKS]
#FINAL-04-18#
