000
CXUS55 KJKL 011000
CF6JKL
PRELIMINARY LOCAL CLIMATOLOGICAL DATA (WS FORM: F-6)

                                          STATION:   JACKSON KY
                                          MONTH:     MARCH
                                          YEAR:      2018
                                          LATITUDE:   37 35 N
                                          LONGITUDE:  83 19 W

  TEMPERATURE IN F:       :PCPN:    SNOW:  WIND      :SUNSHINE: SKY     :PK WND
================================================================================
1   2   3   4   5  6A  6B    7    8   9   10  11  12  13   14  15   16   17  18
                                     12Z  AVG MX 2MIN
DY MAX MIN AVG DEP HDD CDD  WTR  SNW DPTH SPD SPD DIR MIN PSBL S-S WX    SPD DR
================================================================================

 1  58  41  50   7  15   0 0.59  0.0    0  8.1 24 300   M    M  10 1      43 310
 2  48  33  41  -2  24   0    T  0.0    0  6.4 17 320   M    M   3        34 330
 3  51  28  40  -3  25   0 0.00  0.0    0  3.5  9  20   M    M   0        17 360
 4  53  27  40  -4  25   0 0.00  0.0    0  4.2  8  40   M    M   0        15  70
 5  55  31  43  -1  22   0 0.01  0.0    0  3.9  8  40   M    M   2        16  50
 6  63  44  54  10  11   0 0.09  0.0    0  5.2 20 300   M    M   6 1      30 320
 7  44  30  37  -7  28   0 0.04  0.4    T  6.7 16 260   M    M  10 1      29 270
 8  38  27  33 -12  32   0 0.02  0.4    T  5.4 18 280   M    M  10 1      29 270
 9  49  24  37  -8  28   0 0.10  0.3    0  4.0 15 280   M    M   7 1      25 270
10  43  32  38  -7  27   0 0.12  0.2    T  1.3  6 160   M    M   9 12      9  90
11  55  33  44  -2  21   0 0.14    T    0  4.1 12  30   M    M   6 1      24  50
12  40  30  35 -11  30   0 0.66  5.2    4  7.3 14 300   M    M   9 126    23 300
13  40  27  34 -12  31   0 0.01  0.3    2  5.5 20 300   M    M   6 1      32 310
14  36  23  30 -17  35   0 0.03  0.7    1  6.3 14 250   M    M   6 1      23 240
15  59  30  45  -2  20   0 0.00  0.0    T  8.6 18 290   M    M   4        29 210
16  55  32  44  -3  21   0 0.00  0.0    0  3.3  9  30   M    M   0        17 360
17  76  38  57   9   8   0 0.08  0.0    0  4.1 12 260   M    M   7 13     21 270
18  61  38  50   2  15   0 0.00  0.0    0  3.1  7  50   M    M   3 1      14  60
19  64  42  53   5  12   0 0.32  0.0    0  3.8 10  50   M    M   4 1      21  80
20  47  32  40  -9  25   0 0.06  0.1    0  2.7 10 260   M    M  10 12     17 300
21  33  29  31 -18  34   0 0.27  1.8    1  7.0 16 300   M    M  10 1      29 270
22  47  25  36 -13  29   0 0.00  0.0    1  5.3 15 310   M    M   2 1      20 310
23  53  27  40 -10  25   0 0.00  0.0    0  4.4 14 280   M    M   1        21 340
24  41  31  36 -14  29   0 1.80  2.0    0  5.8 12  80   M    M  10 126    24  70
25  52  32  42  -8  23   0 0.00  0.0    1  6.6 12  50   M    M   3        23  60
26  66  43  55   4  10   0    T  0.0    0  3.7 12 140   M    M   8        17 160
27  67  46  57   6   8   0 0.15  0.0    0  6.9 14 230   M    M   7        23 200
28  61  57  59   8   6   0 1.10  0.0    0  3.3 10 210   M    M  10 12     20 230
29  71  56  64  12   1   0 1.24  0.0    0  4.5 22 290   M    M   9 12     39 310
30  58  38  48  -4  17   0 0.14  0.0    0  5.1 15 300   M    M   8 1      24 340
31  67  32  50  -2  15   0 0.00  0.0    0  4.4 10 230   M    M   3 12     23 200
================================================================================
SM 1651 1058       652   0  6.97    11.4 154.5          M      183
================================================================================
AV 53.3 34.1                               5.0 FASTST   M    M   6    MAX(MPH)
                                 MISC ---->  # 24 300               # 43  310
================================================================================
NOTES:
# LAST OF SEVERAL OCCURRENCES

COLUMN 17 PEAK WIND IN M.P.H.

PRELIMINARY LOCAL CLIMATOLOGICAL DATA (WS FORM: F-6) , PAGE 2

                                          STATION:  JACKSON KY
                                          MONTH:    MARCH
                                          YEAR:     2018
                                          LATITUDE:   37 35 N
                                          LONGITUDE:  83 19 W

[TEMPERATURE DATA]      [PRECIPITATION DATA]       SYMBOLS USED IN COLUMN 16

AVERAGE MONTHLY: 43.7   TOTAL FOR MONTH:   6.97    1 = FOG OR MIST
DPTR FM NORMAL:  -3.7   DPTR FM NORMAL:    2.85    2 = FOG REDUCING VISIBILITY
HIGHEST:    76 ON 17    GRTST 24HR  1.80 ON 24-24      TO 1/4 MILE OR LESS
LOWEST:     23 ON 14                               3 = THUNDER
                        SNOW, ICE PELLETS, HAIL    4 = ICE PELLETS
                        TOTAL MONTH:  11.4 INCHES  5 = HAIL
                        GRTST 24HR   5.2 ON 12-12  6 = FREEZING RAIN OR DRIZZLE
                        GRTST DEPTH:   4 ON 12     7 = DUSTSTORM OR SANDSTORM:
                                                       VSBY 1/2 MILE OR LESS
                                                   8 = SMOKE OR HAZE
[NO. OF DAYS WITH]      [WEATHER - DAYS WITH]      9 = BLOWING SNOW
                                                   X = TORNADO
MAX 32 OR BELOW:   0    0.01 INCH OR MORE:  20
MAX 90 OR ABOVE:   0    0.10 INCH OR MORE:  12
MIN 32 OR BELOW:  19    0.50 INCH OR MORE:   5
MIN  0 OR BELOW:   0    1.00 INCH OR MORE:   3

[HDD (BASE 65) ]
TOTAL THIS MO.   652    CLEAR  (SCALE 0-3)   9
DPTR FM NORMAL    99    PTCLDY (SCALE 4-7)  12
TOTAL FM JUL 1  3754    CLOUDY (SCALE 8-10) 10
DPTR FM NORMAL   -99

[CDD (BASE 65) ]
TOTAL THIS MO.     0
DPTR FM NORMAL    -7    [PRESSURE DATA]
TOTAL FM JAN 1    12    HIGHEST SLP 30.46 ON  3
DPTR FM NORMAL     5    LOWEST  SLP 29.45 ON 20

[REMARKS]
#FINAL-03-18#
