000
CXUS55 KJKL 010900
CF6JKL
PRELIMINARY LOCAL CLIMATOLOGICAL DATA (WS FORM: F-6)
STATION: JACKSON KY
MONTH: APRIL
YEAR: 2021
LATITUDE: 37 35 N
LONGITUDE: 83 19 W
TEMPERATURE IN F: :PCPN: SNOW: WIND :SUNSHINE: SKY :PK WND
================================================================================
1 2 3 4 5 6A 6B 7 8 9 10 11 12 13 14 15 16 17 18
12Z AVG MX 2MIN
DY MAX MIN AVG DEP HDD CDD WTR SNW DPTH SPD SPD DIR MIN PSBL S-S WX SPD DR
================================================================================
1 40 30 35 -18 30 0 0.01 0.1 0 8.4 17 330 M M 8 1 27 320
2 47 26 37 -16 28 0 0.00 0.0 0 3.7 12 300 M M 1 17 20
3 63 31 47 -7 18 0 0.00 0.0 0 3.5 10 160 M M 0 16 170
4 73 45 59 5 6 0 0.00 0.0 0 5.0 12 310 M M 0 19 280
5 77 49 63 9 2 0 0.00 0.0 0 4.1 12 250 M M 0 21 270
6 79 53 66 12 0 1 0.00 0.0 0 3.6 10 250 M M 0 17 270
7 82 57 70 15 0 5 0.00 0.0 0 3.0 9 170 M M 1 15 160
8 73 58 66 11 0 1 0.79 0.0 0 6.0 14 280 M M 6 13 27 170
9 81 56 69 13 0 4 0.00 0.0 0 4.7 12 190 M M 0 20 170
10 75 60 68 12 0 3 0.21 0.0 0 5.6 16 140 M M 4 1 30 130
11 70 52 61 5 4 0 0.04 0.0 0 5.1 17 240 M M 6 1 34 210
12 69 46 58 2 7 0 0.00 0.0 0 5.3 18 280 M M 3 31 300
13 72 48 60 3 5 0 T 0.0 0 1.2 8 260 M M 4 13 250
14 63 48 56 -1 9 0 0.24 0.0 0 2.1 8 10 M M 6 1 18 10
15 55 43 49 -8 16 0 0.00 0.0 0 5.8 14 310 M M 6 1 26 340
16 62 36 49 -9 16 0 0.00 0.0 0 2.8 10 320 M M 1 17 340
17 63 44 54 -4 11 0 T 0.0 0 1.2 9 330 M M 8 15 320
18 64 43 54 -4 11 0 0.00 0.0 0 1.9 13 340 M M 4 22 290
19 69 47 58 0 7 0 T 0.0 0 4.7 13 270 M M 5 21 320
20 73 47 60 1 5 0 0.00 0.0 0 4.6 13 180 M M 2 22 210
21 59 32 46 -13 19 0 0.05 0.1 0 6.9 16 300 M M 8 1 26 280
22 55 30 43 -16 22 0 T 0.0 0 4.2 17 290 M M 5 29 290
23 62 36 49 -11 16 0 0.00 0.0 0 2.7 10 250 M M 5 16 270
24 52 48 50 -10 15 0 0.42 0.0 0 2.9 8 170 M M 7 1 15 70
25 62 47 55 -5 10 0 T 0.0 0 3.3 10 310 M M 7 1 17 280
26 79 43 61 1 4 0 0.00 0.0 0 1.9 8 170 M M 0 15 220
27 86 60 73 12 0 8 0.00 0.0 0 4.9 15 230 M M 0 8 29 260
28 83 65 74 13 0 9 1.14 0.0 0 4.0 13 190 M M 6 123 23 180
29 71 56 64 3 1 0 0.49 0.0 0 5.8 15 310 M M 7 12 29 220
30 72 51 62 1 3 0 0.00 0.0 0 7.0 21 290 M M 2 1 36 300
================================================================================
SM 2031 1387 265 31 3.39 0.2 125.9 M 112
================================================================================
AV 67.7 46.2 4.2 FASTST M M 4 MAX(MPH)
MISC ----> 21 290 36 300
================================================================================
NOTES:
# LAST OF SEVERAL OCCURRENCES
COLUMN 17 PEAK WIND IN M.P.H.
PRELIMINARY LOCAL CLIMATOLOGICAL DATA (WS FORM: F-6) , PAGE 2
STATION: JACKSON KY
MONTH: APRIL
YEAR: 2021
LATITUDE: 37 35 N
LONGITUDE: 83 19 W
[TEMPERATURE DATA] [PRECIPITATION DATA] SYMBOLS USED IN COLUMN 16
AVERAGE MONTHLY: 57.0 TOTAL FOR MONTH: 3.39 1 = FOG OR MIST
DPTR FM NORMAL: -0.4 DPTR FM NORMAL: -0.44 2 = FOG REDUCING VISIBILITY
HIGHEST: 86 ON 27 GRTST 24HR 1.19 ON 28-29 TO 1/4 MILE OR LESS
LOWEST: 26 ON 2 3 = THUNDER
SNOW, ICE PELLETS, HAIL 4 = ICE PELLETS
TOTAL MONTH: 0.2 INCH 5 = HAIL
GRTST 24HR 0.1 ON 1- 1 6 = FREEZING RAIN OR DRIZZLE
GRTST DEPTH: 0 7 = DUSTSTORM OR SANDSTORM:
VSBY 1/2 MILE OR LESS
8 = SMOKE OR HAZE
[NO. OF DAYS WITH] [WEATHER - DAYS WITH] 9 = BLOWING SNOW
X = TORNADO
MAX 32 OR BELOW: 0 0.01 INCH OR MORE: 9
MAX 90 OR ABOVE: 0 0.10 INCH OR MORE: 6
MIN 32 OR BELOW: 5 0.50 INCH OR MORE: 2
MIN 0 OR BELOW: 0 1.00 INCH OR MORE: 1
[HDD (BASE 65) ]
TOTAL THIS MO. 265 CLEAR (SCALE 0-3) 13
DPTR FM NORMAL -3 PTCLDY (SCALE 4-7) 17
TOTAL FM JUL 1 3741 CLOUDY (SCALE 8-10) 0
DPTR FM NORMAL -381
[CDD (BASE 65) ]
TOTAL THIS MO. 31
DPTR FM NORMAL -8 [PRESSURE DATA]
TOTAL FM JAN 1 35 HIGHEST SLP 30.55 ON 2
DPTR FM NORMAL -11 LOWEST SLP 29.49 ON 11
[REMARKS]
#FINAL-04-21#