000
CXUS53 KJKL 011310
CF6JKL
PRELIMINARY LOCAL CLIMATOLOGICAL DATA (WS FORM: F-6)
STATION: JACKSON KY
MONTH: APRIL
YEAR: 2023
LATITUDE: 37 35 N
LONGITUDE: 83 19 W
TEMPERATURE IN F: :PCPN: SNOW: WIND :SUNSHINE: SKY :PK WND
================================================================================
1 2 3 4 5 6A 6B 7 8 9 10 11 12 13 14 15 16 17 18
12Z AVG MX 2MIN
DY MAX MIN AVG DEP HDD CDD WTR SNW DPTH SPD SPD DIR MIN PSBL S-S WX SPD DR
================================================================================
1 73 42 58 5 7 0 0.41 0.0 0 13.4 28 280 M M 5 13 59 250
2 61 40 51 -3 14 0 0.00 0.0 0 3.3 10 270 M M 5 17 260
3 73 49 61 7 4 0 0.00 0.0 0 5.3 16 190 M M 3 30 170
4 83 57 70 16 0 5 0.14 T 0 6.0 15 170 M M 4 1358 24 190
5 89 60 75 20 0 10 0.11 0.0 0 7.6 24 300 M M 2 13 41 310
6 62 45 54 -1 11 0 0.34 0.0 0 4.4 9 340 M M 10 12 20 340
7 52 43 48 -8 17 0 0.01 0.0 0 5.0 12 50 M M 6 19 60
8 54 42 48 -8 17 0 0.00 0.0 0 5.8 13 80 M M 1 24 80
9 67 41 54 -2 11 0 0.00 0.0 0 5.1 12 50 M M 0 22 10
10 73 45 59 2 6 0 0.00 0.0 0 3.1 8 200 M M 0 16 20
11 76 47 62 5 3 0 0.00 0.0 0 2.7 10 310 M M 0 18 290
12 80 52 66 9 0 1 0.00 0.0 0 3.1 12 310 M M 0 16 300
13 85 55 70 12 0 5 T 0.0 0 3.5 9 140 M M 1 16 170
14 77 57 67 9 0 2 0.43 0.0 0 2.8 15 240 M M 6 123 29 250
15 78 53 66 8 0 1 0.00 0.0 0 3.5 9 310 M M 3 1 17 260
16 72 47 60 1 5 0 0.33 0.0 0 6.3 22 280 M M 7 1 39 290
17 63 44 54 -5 11 0 0.01 0.0 0 7.6 16 240 M M 3 32 260
18 73 45 59 0 6 0 0.00 0.0 0 3.9 12 300 M M 1 21 310
19 83 52 68 8 0 3 0.00 0.0 0 2.5 10 220 M M 0 22 180
20 85 61 73 13 0 8 0.00 0.0 0 4.6 14 180 M M 0 26 140
21 80 57 69 9 0 4 T 0.0 0 4.8 15 180 M M 1 3 27 190
22 63 46 55 -5 10 0 0.61 T 0 4.7 20 290 M M 7 135 42 270
23 57 38 48 -13 17 0 0.00 0.0 0 5.0 10 320 M M 5 18 330
24 58 34 46 -15 19 0 0.00 0.0 0 2.3 12 290 M M 2 22 270
25 64 35 50 -11 15 0 0.00 0.0 0 0.9 8 120 M M 0 14 120
26 72 42 57 -5 8 0 0.00 0.0 0 2.1 8 330 M M 1 14 280
27 72 47 60 -2 5 0 0.42 0.0 0 3.1 9 150 M M 4 1 15 160
28 72 54 63 1 2 0 0.32 0.0 0 2.9 13 290 M M 8 138 26 270
29 68 49 59 -3 6 0 0.00 0.0 0 1.5 7 320 M M 3 1 13 310
30 60 43 52 -10 13 0 0.02 0.0 0 3.8 20 290 M M 8 1 32 320
================================================================================
SM 2125 1422 207 39 3.15 T 130.6 M 96
================================================================================
AV 70.8 47.4 4.4 FASTST M M 3 MAX(MPH)
MISC ----> 28 280 59 250
================================================================================
NOTES:
# LAST OF SEVERAL OCCURRENCES
COLUMN 17 PEAK WIND IN M.P.H.
PRELIMINARY LOCAL CLIMATOLOGICAL DATA (WS FORM: F-6) , PAGE 2
STATION: JACKSON KY
MONTH: APRIL
YEAR: 2023
LATITUDE: 37 35 N
LONGITUDE: 83 19 W
[TEMPERATURE DATA] [PRECIPITATION DATA] SYMBOLS USED IN COLUMN 16
AVERAGE MONTHLY: 59.1 TOTAL FOR MONTH: 3.15 1 = FOG OR MIST
DPTR FM NORMAL: 0.9 DPTR FM NORMAL: -1.39 2 = FOG REDUCING VISIBILITY
HIGHEST: 89 ON 5 GRTST 24HR 1.33 ON 31- 1 TO 1/4 MILE OR LESS
LOWEST: 34 ON 24 3 = THUNDER
SNOW, ICE PELLETS, HAIL 4 = ICE PELLETS
TOTAL MONTH: T 5 = HAIL
GRTST 24HR T ON 4- 4 6 = FREEZING RAIN OR DRIZZLE
GRTST DEPTH: 0 7 = DUSTSTORM OR SANDSTORM:
VSBY 1/2 MILE OR LESS
8 = SMOKE OR HAZE
[NO. OF DAYS WITH] [WEATHER - DAYS WITH] 9 = BLOWING SNOW
X = TORNADO
MAX 32 OR BELOW: 0 0.01 INCH OR MORE: 12
MAX 90 OR ABOVE: 0 0.10 INCH OR MORE: 9
MIN 32 OR BELOW: 0 0.50 INCH OR MORE: 1
MIN 0 OR BELOW: 0 1.00 INCH OR MORE: 0
[HDD (BASE 65) ]
TOTAL THIS MO. 207 CLEAR (SCALE 0-3) 15
DPTR FM NORMAL -37 PTCLDY (SCALE 4-7) 12
TOTAL FM JUL 1 3352 CLOUDY (SCALE 8-10) 3
DPTR FM NORMAL -617
[CDD (BASE 65) ]
TOTAL THIS MO. 39
DPTR FM NORMAL -2 [PRESSURE DATA]
TOTAL FM JAN 1 45 HIGHEST SLP 30.45 ON 7
DPTR FM NORMAL -5 LOWEST SLP 29.44 ON 30
[REMARKS]
#FINAL-04-23#