000
CXUS55 KJKL 011000
CF6JKL
PRELIMINARY LOCAL CLIMATOLOGICAL DATA (WS FORM: F-6)

                                          STATION:   JACKSON KY
                                          MONTH:     FEBRUARY
                                          YEAR:      2018
                                          LATITUDE:   37 35 N
                                          LONGITUDE:  83 19 W

  TEMPERATURE IN F:       :PCPN:    SNOW:  WIND      :SUNSHINE: SKY     :PK WND
================================================================================
1   2   3   4   5  6A  6B    7    8   9   10  11  12  13   14  15   16   17  18
                                     12Z  AVG MX 2MIN
DY MAX MIN AVG DEP HDD CDD  WTR  SNW DPTH SPD SPD DIR MIN PSBL S-S WX    SPD DR
================================================================================

 1  49  31  40   4  25   0 0.61  1.5    0  6.3 13 320   M    M   7 12     22 320
 2  31  13  22 -14  43   0    T    T    1  5.2 16 310   M    M   7 1      31 330
 3  40  13  27  -9  38   0 0.00  0.0    1  2.4  6 210   M    M   6        11 190
 4  39  30  35  -1  30   0 0.73  1.0    1  5.0 18 300   M    M  10 1268   32 310
 5  33  18  26 -11  39   0 0.01  0.1    0  2.8 17 310   M    M   4 16     27 310
 6  37  27  32  -5  33   0 0.03  0.0    0  1.8  8 260   M    M   9 1      13 270
 7  47  28  38   1  27   0 0.98    T    0  4.9 14 300   M    M  10 124    22 300
 8  41  27  34  -3  31   0    T    T    0  3.4 10 250   M    M   5        17 260
 9  61  28  45   8  20   0 0.00  0.0    0  4.2 14 200   M    M   1        29 180
10  54  44  49  11  16   0 1.35  0.0    0  4.3  8 190   M    M   9 1      13 160
11  64  37  51  13  14   0 0.77  0.0    0  5.9 16 280   M    M  10 1      26 280
12  37  30  34  -4  31   0 0.16    T    T  4.5  9 340   M    M   7 146    17  30
13  50  29  40   2  25   0 0.01  0.0    0  3.5  9  50   M    M   8 16     19  30
14  65  50  58  20   7   0 0.28  0.0    0  5.1 12 220   M    M  10 13     21 230
15  73  58  66  27   0   1 0.03  0.0    0  7.0 16 210   M    M   9 1      36 200
16  68  38  53  14  12   0 0.86  0.0    0  6.2 20 320   M    M  10 1      39 310
17  43  34  39   0  26   0 0.62  0.0    0  3.9 14 270   M    M  10 12     28 290
18  54  34  44   4  21   0 0.00  0.0    0  3.7 16 280   M    M   2        29 270
19  74  48  61  21   4   0 0.01  0.0    0  7.0 15 200   M    M   7        27 190
20  80  63  72  32   0   7 0.00  0.0    0  7.8 16 190   M    M   4        30 180
21  80  54  67  27   0   2 0.33  0.0    0  5.1 17 230   M    M   6 1      32 320
22  59  50  55  15  10   0 0.04  0.0    0  2.3 13 320   M    M   9 12     20 310
23  80  53  67  26   0   2 0.01  0.0    0  4.7 18 220   M    M   5 1      38 220
24  68  59  64  23   1   0 0.74  0.0    0  3.3 16 190   M    M   9 12     34 180
25  65  46  56  15   9   0 0.33  0.0    0  4.4 15 230   M    M   4 1      33 250
26  58  43  51   9  14   0    T  0.0    0  1.9  8 320   M    M   5        11 280
27  67  39  53  11  12   0 0.00  0.0    0  3.1  8 210   M    M   0        17 260
28  57  47  52  10  13   0 0.10  0.0    0  3.6  9 190   M    M   8 1      14 200
================================================================================
SM 1574 1071       501  12  8.00     2.6 123.3          M      191
================================================================================
AV 56.2 38.3                               4.4 FASTST   M    M   7    MAX(MPH)
                                 MISC ---->  # 20 320               # 39  310
================================================================================
NOTES:
# LAST OF SEVERAL OCCURRENCES

COLUMN 17 PEAK WIND IN M.P.H.

PRELIMINARY LOCAL CLIMATOLOGICAL DATA (WS FORM: F-6) , PAGE 2

                                          STATION:  JACKSON KY
                                          MONTH:    FEBRUARY
                                          YEAR:     2018
                                          LATITUDE:   37 35 N
                                          LONGITUDE:  83 19 W

[TEMPERATURE DATA]      [PRECIPITATION DATA]       SYMBOLS USED IN COLUMN 16

AVERAGE MONTHLY: 47.2   TOTAL FOR MONTH:   8.00    1 = FOG OR MIST
DPTR FM NORMAL:   8.4   DPTR FM NORMAL:    4.25    2 = FOG REDUCING VISIBILITY
HIGHEST:    80 ON 23,21 GRTST 24HR  1.35 ON 10-10      TO 1/4 MILE OR LESS
LOWEST:     13 ON  3, 2                            3 = THUNDER
                        SNOW, ICE PELLETS, HAIL    4 = ICE PELLETS
                        TOTAL MONTH:   2.6 INCHES  5 = HAIL
                        GRTST 24HR   1.5 ON  1- 1  6 = FREEZING RAIN OR DRIZZLE
                        GRTST DEPTH:   1 ON  4, 3  7 = DUSTSTORM OR SANDSTORM:
                                                       VSBY 1/2 MILE OR LESS
                                                   8 = SMOKE OR HAZE
[NO. OF DAYS WITH]      [WEATHER - DAYS WITH]      9 = BLOWING SNOW
                                                   X = TORNADO
MAX 32 OR BELOW:   1    0.01 INCH OR MORE:  20
MAX 90 OR ABOVE:   0    0.10 INCH OR MORE:  13
MIN 32 OR BELOW:  11    0.50 INCH OR MORE:   8
MIN  0 OR BELOW:   0    1.00 INCH OR MORE:   1

[HDD (BASE 65) ]
TOTAL THIS MO.   501    CLEAR  (SCALE 0-3)   3
DPTR FM NORMAL  -233    PTCLDY (SCALE 4-7)  13
TOTAL FM JUL 1  3102    CLOUDY (SCALE 8-10) 12
DPTR FM NORMAL  -198

[CDD (BASE 65) ]
TOTAL THIS MO.    12
DPTR FM NORMAL    12    [PRESSURE DATA]
TOTAL FM JAN 1    12    HIGHEST SLP 30.64 ON 12
DPTR FM NORMAL    12    LOWEST  SLP 29.77 ON 16

[REMARKS]
#FINAL-02-18#
