000
CDUS43 KJKL 192021
CLIJKL

CLIMATE REPORT
NATIONAL WEATHER SERVICE JACKSON KY
421 PM EDT SAT MAY 19 2018

...................................

...THE JACKSON KY CLIMATE SUMMARY FOR MAY 19 2018...
VALID TODAY AS OF 0400 PM LOCAL TIME.

CLIMATE NORMAL PERIOD 1981 TO 2010
CLIMATE RECORD PERIOD 1981 TO 2018

WEATHER ITEM   OBSERVED TIME   RECORD YEAR NORMAL DEPARTURE LAST
                VALUE   (LST)  VALUE       VALUE  FROM      YEAR
                                                  NORMAL
..................................................................
TEMPERATURE (F)
 TODAY
  MAXIMUM         79    154 PM  88    1996  75      4       80
  MINIMUM         64    509 AM  36    2002  55      9       63
  AVERAGE         72                        65      7       72

PRECIPITATION (IN)
  TODAY            0.43          1.85 2017   0.17   0.26     1.85
  MONTH TO DATE    4.33                      3.12   1.21     4.30
  SINCE MAR 1     15.42                     11.07   4.35    12.74
  SINCE JAN 1     25.34                     18.43   6.91    20.31

SNOWFALL (IN)
  TODAY            0.0                       0.0    0.0      0.0
  MONTH TO DATE    0.0                       0.0    0.0      0.0
  SINCE MAR 1     12.1                       3.9    8.2      0.2
  SINCE JUL 1     22.5                      23.5   -1.0      4.8
  SNOW DEPTH       0

DEGREE DAYS
 HEATING
  TODAY            0                         3     -3        0
  MONTH TO DATE    3                        75    -72       74
  SINCE MAR 1   1038                       896    142      703
  SINCE JUL 1   4140                      4196    -56     3195

 COOLING
  TODAY            7                         3      4        7
  MONTH TO DATE  132                        46     86       59
  SINCE MAR 1    145                        92     53      155
  SINCE JAN 1    157                        92     65      157
..................................................................

WIND (MPH)
  HIGHEST WIND SPEED    20   HIGHEST WIND DIRECTION    NW (300)
  HIGHEST GUST SPEED    33   HIGHEST GUST DIRECTION    NW (320)
  AVERAGE WIND SPEED     1.5

SKY COVER
  POSSIBLE SUNSHINE  MM
  AVERAGE SKY COVER 0.6

WEATHER CONDITIONS
 THE FOLLOWING WEATHER WAS RECORDED TODAY.
  THUNDERSTORM
  HEAVY RAIN
  LIGHT RAIN
  FOG
  HAZE

RELATIVE HUMIDITY (PERCENT)
 HIGHEST    93          1200 AM
 LOWEST     67           200 PM
 AVERAGE    80

..........................................................

THE JACKSON KY CLIMATE NORMALS FOR TOMORROW
                         NORMAL    RECORD    YEAR
 MAXIMUM TEMPERATURE (F)   75        87      1996
 MINIMUM TEMPERATURE (F)   56        38      2002

SUNRISE AND SUNSET
MAY 19 2018...........SUNRISE   621 AM EDT   SUNSET   839 PM EDT
MAY 20 2018...........SUNRISE   620 AM EDT   SUNSET   840 PM EDT

-  INDICATES NEGATIVE NUMBERS.
R  INDICATES RECORD WAS SET OR TIED.
MM INDICATES DATA IS MISSING.
T  INDICATES TRACE AMOUNT.

$$

CARICO
