000
CDUS43 KJKL 160536
CLIJKL

CLIMATE REPORT
NATIONAL WEATHER SERVICE JACKSON KY
136 AM EDT MON APR 16 2018

...................................

...THE JACKSON KY CLIMATE SUMMARY FOR APRIL 15 2018...

CLIMATE NORMAL PERIOD 1981 TO 2010
CLIMATE RECORD PERIOD 1981 TO 2018

WEATHER ITEM   OBSERVED TIME   RECORD YEAR NORMAL DEPARTURE LAST
                VALUE   (LST)  VALUE       VALUE  FROM      YEAR
                                                  NORMAL
..................................................................
TEMPERATURE (F)
 YESTERDAY
  MAXIMUM         65   1130 AM  86    2006  68     -3       84
  MINIMUM         42   1159 PM  30    2014  47     -5       63
  AVERAGE         54                        57     -3       74

PRECIPITATION (IN)
  YESTERDAY        0.72          1.57 1994   0.12   0.60      T
  MONTH TO DATE    3.09                      1.87   1.22     1.11
  SINCE MAR 1     10.06                      5.99   4.07     5.53
  SINCE JAN 1     19.98                     13.35   6.63    13.10

SNOWFALL (IN)
  YESTERDAY        0.0           1.0  2014   0.0    0.0      0.0
  MONTH TO DATE    0.4                       0.8   -0.4      0.0
  SINCE MAR 1     11.8                       3.7    8.1      0.2
  SINCE JUL 1     22.2                      23.3   -1.1      4.8
  SNOW DEPTH       0

DEGREE DAYS
 HEATING
  YESTERDAY       11                         9      2        0
  MONTH TO DATE  220                       163     57       80
  SINCE MAR 1    872                       716    156      588
  SINCE JUL 1   3974                      4016    -42     3080

 COOLING
  YESTERDAY        0                         1     -1        9
  MONTH TO DATE   13                        15     -2       33
  SINCE MAR 1     13                        22     -9       39
  SINCE JAN 1     25                        22      3       41
..................................................................

WIND (MPH)
  HIGHEST WIND SPEED    16   HIGHEST WIND DIRECTION     W (260)
  HIGHEST GUST SPEED    29   HIGHEST GUST DIRECTION     W (280)
  AVERAGE WIND SPEED     5.6

SKY COVER
  POSSIBLE SUNSHINE  MM
  AVERAGE SKY COVER 0.9

WEATHER CONDITIONS
 THE FOLLOWING WEATHER WAS RECORDED YESTERDAY.
  HEAVY RAIN
  RAIN
  LIGHT RAIN
  FOG
  FOG W/VISIBILITY <= 1/4 MILE

RELATIVE HUMIDITY (PERCENT)
 HIGHEST   100           300 AM
 LOWEST     89          1000 PM
 AVERAGE    95

..........................................................

THE JACKSON KY CLIMATE NORMALS FOR TODAY
                         NORMAL    RECORD    YEAR
 MAXIMUM TEMPERATURE (F)   68        87      2002
 MINIMUM TEMPERATURE (F)   47        27      2014

SUNRISE AND SUNSET
APRIL 16 2018.........SUNRISE   657 AM EDT   SUNSET   810 PM EDT
APRIL 17 2018.........SUNRISE   656 AM EDT   SUNSET   811 PM EDT

-  INDICATES NEGATIVE NUMBERS.
R  INDICATES RECORD WAS SET OR TIED.
MM INDICATES DATA IS MISSING.
T  INDICATES TRACE AMOUNT.

$$
