000
CDUS43 KJKL 040641
CLIJKL

CLIMATE REPORT
NATIONAL WEATHER SERVICE JACKSON KY
241 AM EDT WED APR 4 2018

...................................

...THE JACKSON KY CLIMATE SUMMARY FOR APRIL 3 2018...

CLIMATE NORMAL PERIOD 1981 TO 2010
CLIMATE RECORD PERIOD 1981 TO 2018

WEATHER ITEM   OBSERVED TIME   RECORD YEAR NORMAL DEPARTURE LAST
                VALUE   (LST)  VALUE       VALUE  FROM      YEAR
                                                  NORMAL
..................................................................
TEMPERATURE (F)
 YESTERDAY
  MAXIMUM         78    459 PM  84    2012  64     14       68
  MINIMUM         45    103 AM  26    1992  43      2       56
  AVERAGE         62                        54      8       62

PRECIPITATION (IN)
  YESTERDAY        0.76          4.29 2015   0.12   0.64     0.59
  MONTH TO DATE    1.74                      0.37   1.37     0.59
  SINCE MAR 1      8.71                      4.49   4.22     5.01
  SINCE JAN 1     18.63                     11.85   6.78    12.58

SNOWFALL (IN)
  YESTERDAY        0.0           8.2  1987   0.1   -0.1      0.0
  MONTH TO DATE    0.0                       0.2   -0.2      0.0
  SINCE MAR 1     11.4                       3.1    8.3      0.2
  SINCE JUL 1     21.8                      22.7   -0.9      4.8
  SNOW DEPTH       0

DEGREE DAYS
 HEATING
  YESTERDAY        3                        12     -9        3
  MONTH TO DATE   41                        38      3       27
  SINCE MAR 1    693                       591    102      535
  SINCE JUL 1   3795                      3891    -96     3027

 COOLING
  YESTERDAY        0                         1     -1        0
  MONTH TO DATE    0                         3     -3        0
  SINCE MAR 1      0                        10    -10        6
  SINCE JAN 1     12                        10      2        8
..................................................................

WIND (MPH)
  HIGHEST WIND SPEED    17   HIGHEST WIND DIRECTION     W (250)
  HIGHEST GUST SPEED    40   HIGHEST GUST DIRECTION    SW (240)
  AVERAGE WIND SPEED     7.0

SKY COVER
  POSSIBLE SUNSHINE  MM
  AVERAGE SKY COVER 0.3

WEATHER CONDITIONS
 THE FOLLOWING WEATHER WAS RECORDED YESTERDAY.
  THUNDERSTORM
  HEAVY RAIN
  RAIN
  LIGHT RAIN
  FOG

RELATIVE HUMIDITY (PERCENT)
 HIGHEST    93           200 AM
 LOWEST     38           600 PM
 AVERAGE    66
..........................................................

THE JACKSON KY CLIMATE NORMALS FOR TODAY
                         NORMAL    RECORD    YEAR
 MAXIMUM TEMPERATURE (F)   65        86      1986
 MINIMUM TEMPERATURE (F)   43        26      1987

SUNRISE AND SUNSET
APRIL  4 2018.........SUNRISE   714 AM EDT   SUNSET   759 PM EDT
APRIL  5 2018.........SUNRISE   713 AM EDT   SUNSET   800 PM EDT

-  INDICATES NEGATIVE NUMBERS.
R  INDICATES RECORD WAS SET OR TIED.
MM INDICATES DATA IS MISSING.
T  INDICATES TRACE AMOUNT.

$$

GEOGERIAN
