000
CDUS43 KJKL 100549
CLIJKL

CLIMATE REPORT
NATIONAL WEATHER SERVICE JACKSON KY
149 AM EDT THU MAY 10 2018
...................................

...THE JACKSON KY CLIMATE SUMMARY FOR MAY 9 2018...

CLIMATE NORMAL PERIOD 1981 TO 2010
CLIMATE RECORD PERIOD 1981 TO 2018

WEATHER ITEM   OBSERVED TIME   RECORD YEAR NORMAL DEPARTURE LAST
                VALUE   (LST)  VALUE       VALUE  FROM      YEAR
                                                  NORMAL
..................................................................
TEMPERATURE (F)
 YESTERDAY
  MAXIMUM         82    350 PM  87    2015  73      9       75
  MINIMUM         58    613 AM  35    1983  53      5       50
  AVERAGE         70                        63      7       63

PRECIPITATION (IN)
  YESTERDAY        T             1.48 1989   0.16  -0.16     0.39
  MONTH TO DATE    2.75                      1.41   1.34     1.51
  SINCE MAR 1     13.84                      9.36   4.48     9.95
  SINCE JAN 1     23.76                     16.72   7.04    17.52

SNOWFALL (IN)
  YESTERDAY        0.0                       0.0    0.0      0.0
  MONTH TO DATE    0.0                       0.0    0.0      0.0
  SINCE MAR 1     12.1                       3.9    8.2      0.2
  SINCE JUL 1     22.5                      23.5   -1.0      4.8
  SNOW DEPTH       0

DEGREE DAYS
 HEATING
  YESTERDAY        0                         4     -4        2
  MONTH TO DATE    3                        40    -37       66
  SINCE MAR 1   1038                       861    177      695
  SINCE JUL 1   4140                      4161    -21     3187

 COOLING
  YESTERDAY        5                         2      3        0
  MONTH TO DATE   35                        18     17        0
  SINCE MAR 1     48                        64    -16       96
  SINCE JAN 1     60                        64     -4       98
..................................................................

WIND (MPH)
  HIGHEST WIND SPEED    12   HIGHEST WIND DIRECTION     S (180)
  HIGHEST GUST SPEED    19   HIGHEST GUST DIRECTION     S (180)
  AVERAGE WIND SPEED     3.1

SKY COVER
  POSSIBLE SUNSHINE  MM
  AVERAGE SKY COVER 0.1

WEATHER CONDITIONS
 THE FOLLOWING WEATHER WAS RECORDED YESTERDAY.
  THUNDERSTORM
  LIGHT RAIN

RELATIVE HUMIDITY (PERCENT)
 HIGHEST    77           600 AM
 LOWEST     35          1200 PM
 AVERAGE    56

..........................................................

THE JACKSON KY CLIMATE NORMALS FOR TODAY
                         NORMAL    RECORD    YEAR
 MAXIMUM TEMPERATURE (F)   73        87      2015
 MINIMUM TEMPERATURE (F)   53        38      2010

SUNRISE AND SUNSET
MAY 10 2018...........SUNRISE   628 AM EDT   SUNSET   832 PM EDT
MAY 11 2018...........SUNRISE   627 AM EDT   SUNSET   832 PM EDT

-  INDICATES NEGATIVE NUMBERS.
R  INDICATES RECORD WAS SET OR TIED.
MM INDICATES DATA IS MISSING.
T  INDICATES TRACE AMOUNT.

$$
