000
CDUS43 KJKL 052021
CLIJKL

CLIMATE REPORT
NATIONAL WEATHER SERVICE JACKSON KY
421 PM EDT THU APR 5 2018

...................................

...THE JACKSON KY CLIMATE SUMMARY FOR APRIL 5 2018...
VALID TODAY AS OF 0400 PM LOCAL TIME.

CLIMATE NORMAL PERIOD 1981 TO 2010
CLIMATE RECORD PERIOD 1981 TO 2018

WEATHER ITEM   OBSERVED TIME   RECORD YEAR NORMAL DEPARTURE LAST
                VALUE   (LST)  VALUE       VALUE  FROM      YEAR
                                                  NORMAL
..................................................................
TEMPERATURE (F)
 TODAY
  MAXIMUM         53    259 PM  87    1988  65    -12       82
  MINIMUM         28    718 AM  25    1995  44    -16       51
  AVERAGE         41                        54    -13       67

PRECIPITATION (IN)
  TODAY            0.00          0.42 1993   0.12  -0.12     0.19
  MONTH TO DATE    2.19                      0.62   1.57     0.83
  SINCE MAR 1      9.16                      4.74   4.42     5.25
  SINCE JAN 1     19.08                     12.10   6.98    12.82

SNOWFALL (IN)
  TODAY            0.0           3.2  1987   0.0    0.0      0.0
  MONTH TO DATE    0.0                       0.3   -0.3      0.0
  SINCE MAR 1     11.4                       3.2    8.2      0.2
  SINCE JUL 1     21.8                      22.8   -1.0      4.8
  SNOW DEPTH       0

DEGREE DAYS
 HEATING
  TODAY           24                        12     12        0
  MONTH TO DATE   84                        62     22       27
  SINCE MAR 1    736                       615    121      535
  SINCE JUL 1   3838                      3915    -77     3027

 COOLING
  TODAY            0                         1     -1        2
  MONTH TO DATE    0                         5     -5        3
  SINCE MAR 1      0                        12    -12        9
  SINCE JAN 1     12                        12      0       11
..................................................................

WIND (MPH)
  HIGHEST WIND SPEED     8   HIGHEST WIND DIRECTION    SW (220)
  HIGHEST GUST SPEED    13   HIGHEST GUST DIRECTION    SW (240)
  AVERAGE WIND SPEED     3.0

SKY COVER
  POSSIBLE SUNSHINE  MM
  AVERAGE SKY COVER 0.0

WEATHER CONDITIONS
 THE FOLLOWING WEATHER WAS RECORDED TODAY.
  NO SIGNIFICANT WEATHER WAS OBSERVED.

RELATIVE HUMIDITY (PERCENT)
 HIGHEST    78           800 AM
 LOWEST     28           300 PM
 AVERAGE    53

..........................................................

THE JACKSON KY CLIMATE NORMALS FOR TOMORROW
                         NORMAL    RECORD    YEAR
 MAXIMUM TEMPERATURE (F)   65        89      2010
 MINIMUM TEMPERATURE (F)   44        24      2007

SUNRISE AND SUNSET
APRIL  5 2018.........SUNRISE   713 AM EDT   SUNSET   800 PM EDT
APRIL  6 2018.........SUNRISE   711 AM EDT   SUNSET   801 PM EDT

-  INDICATES NEGATIVE NUMBERS.
R  INDICATES RECORD WAS SET OR TIED.
MM INDICATES DATA IS MISSING.
T  INDICATES TRACE AMOUNT.

$$

CARICO
