000
CDUS43 KJKL 292020
CLIJKL

CLIMATE REPORT
NATIONAL WEATHER SERVICE JACKSON KY
419 PM EDT THU MAR 29 2018

...................................

...THE JACKSON KY CLIMATE SUMMARY FOR MARCH 29 2018...
VALID TODAY AS OF 0400 PM LOCAL TIME.

CLIMATE NORMAL PERIOD 1981 TO 2010
CLIMATE RECORD PERIOD 1981 TO 2018

WEATHER ITEM   OBSERVED TIME   RECORD YEAR NORMAL DEPARTURE LAST
                VALUE   (LST)  VALUE       VALUE  FROM      YEAR
                                                  NORMAL
..................................................................
TEMPERATURE (F)
 TODAY
  MAXIMUM         70    259 PM  84    1998  62      8       67
  MINIMUM         57    836 AM  23    2015  41     16       51
  AVERAGE         64                        52     12       59

PRECIPITATION (IN)
  TODAY            0.64          1.52 2014   0.14   0.50     0.00
  MONTH TO DATE    6.23                      3.86   2.37     3.78
  SINCE MAR 1      6.23                      3.86   2.37     3.78
  SINCE JAN 1     16.15                     11.22   4.93    11.35

SNOWFALL (IN)
  TODAY            0.0           2.5  1991   0.0    0.0      0.0
  MONTH TO DATE   11.4                       2.8    8.6      0.2
  SINCE MAR 1     11.4                       2.8    8.6      0.2
  SINCE JUL 1     21.8                      22.4   -0.6      4.8
  SNOW DEPTH       0

DEGREE DAYS
 HEATING
  TODAY            1                        14    -13        6
  MONTH TO DATE  620                       527     93      502
  SINCE MAR 1    620                       527     93      502
  SINCE JUL 1   3722                      3827   -105     2994

 COOLING
  TODAY            0                         1     -1        0
  MONTH TO DATE    0                         1     -1        5
  SINCE MAR 1      0                         1     -1        5
  SINCE JAN 1     12                         1     11        7
..................................................................

WIND (MPH)
  HIGHEST WIND SPEED    14   HIGHEST WIND DIRECTION     S (190)
  HIGHEST GUST SPEED    24   HIGHEST GUST DIRECTION    SW (220)
  AVERAGE WIND SPEED     4.9

SKY COVER
  POSSIBLE SUNSHINE  MM
  AVERAGE SKY COVER 0.8

WEATHER CONDITIONS
 THE FOLLOWING WEATHER WAS RECORDED TODAY.
  HEAVY RAIN
  RAIN
  LIGHT RAIN
  FOG
  FOG W/VISIBILITY <= 1/4 MILE

RELATIVE HUMIDITY (PERCENT)
 HIGHEST   100           200 AM
 LOWEST     61           300 PM
 AVERAGE    81
..........................................................

THE JACKSON KY CLIMATE NORMALS FOR TOMORROW
                         NORMAL    RECORD    YEAR
 MAXIMUM TEMPERATURE (F)   63        85      1998
 MINIMUM TEMPERATURE (F)   42        27      1991

SUNRISE AND SUNSET
MARCH 29 2018.........SUNRISE   723 AM EDT   SUNSET   753 PM EDT
MARCH 30 2018.........SUNRISE   722 AM EDT   SUNSET   754 PM EDT

-  INDICATES NEGATIVE NUMBERS.
R  INDICATES RECORD WAS SET OR TIED.
MM INDICATES DATA IS MISSING.
T  INDICATES TRACE AMOUNT.

$$

TAB
