000
CDUS43 KJKL 232027
CLIJKL

CLIMATE REPORT
NATIONAL WEATHER SERVICE JACKSON KY
428 PM EDT MON APR 23 2018

...................................

...THE JACKSON KY CLIMATE SUMMARY FOR APRIL 23 2018...
VALID TODAY AS OF 0400 PM LOCAL TIME.

CLIMATE NORMAL PERIOD 1981 TO 2010
CLIMATE RECORD PERIOD 1981 TO 2018

WEATHER ITEM   OBSERVED TIME   RECORD YEAR NORMAL DEPARTURE LAST
                VALUE   (LST)  VALUE       VALUE  FROM      YEAR
                                                  NORMAL
..................................................................
TEMPERATURE (F)
 TODAY
  MAXIMUM         61    351 AM  88    1988  70     -9       51
  MINIMUM         52    235 PM  25    1986  49      3       46
  AVERAGE         57                        60     -3       49

PRECIPITATION (IN)
  TODAY            0.57          1.82 1995   0.14   0.43     0.75
  MONTH TO DATE    3.78                      2.88   0.90     3.97
  SINCE MAR 1     10.75                      7.00   3.75     8.39
  SINCE JAN 1     20.67                     14.36   6.31    15.96

SNOWFALL (IN)
  TODAY            0.0           T    2005   0.0    0.0      0.0
  MONTH TO DATE    0.7                       1.0   -0.3      0.0
  SINCE MAR 1     12.1                       3.9    8.2      0.2
  SINCE JUL 1     22.5                      23.5   -1.0      4.8
  SNOW DEPTH       0

DEGREE DAYS
 HEATING
  TODAY            8                         7      1       16
  MONTH TO DATE  322                       226     96      112
  SINCE MAR 1    974                       779    195      620
  SINCE JUL 1   4076                      4079     -3     3112

 COOLING
  TODAY            0                         2     -2        0
  MONTH TO DATE   13                        27    -14       52
  SINCE MAR 1     13                        34    -21       58
  SINCE JAN 1     25                        34     -9       60
..................................................................

WIND (MPH)
  HIGHEST WIND SPEED    15   HIGHEST WIND DIRECTION    SE (140)
  HIGHEST GUST SPEED    25   HIGHEST GUST DIRECTION    SE (120)
  AVERAGE WIND SPEED     6.0

SKY COVER
  POSSIBLE SUNSHINE  MM
  AVERAGE SKY COVER 0.9

WEATHER CONDITIONS
 THE FOLLOWING WEATHER WAS RECORDED TODAY.
  RAIN
  LIGHT RAIN
  FOG

RELATIVE HUMIDITY (PERCENT)
 HIGHEST    93           900 AM
 LOWEST     51           100 AM
 AVERAGE    72

..........................................................

THE JACKSON KY CLIMATE NORMALS FOR TOMORROW
                         NORMAL    RECORD    YEAR
 MAXIMUM TEMPERATURE (F)   70        90      2009
 MINIMUM TEMPERATURE (F)   49        32      2005

SUNRISE AND SUNSET
APRIL 23 2018.........SUNRISE   648 AM EDT   SUNSET   816 PM EDT
APRIL 24 2018.........SUNRISE   646 AM EDT   SUNSET   817 PM EDT

-  INDICATES NEGATIVE NUMBERS.
R  INDICATES RECORD WAS SET OR TIED.
MM INDICATES DATA IS MISSING.
T  INDICATES TRACE AMOUNT.

$$

CARICO
