172
CDUS43 KJKL 160529
CLIJKL

CLIMATE REPORT
NATIONAL WEATHER SERVICE JACKSON KY
129 AM EDT WED MAY 16 2018

...................................

...THE JACKSON KY CLIMATE SUMMARY FOR MAY 15 2018...

CLIMATE NORMAL PERIOD 1981 TO 2010
CLIMATE RECORD PERIOD 1981 TO 2018

WEATHER ITEM   OBSERVED TIME   RECORD YEAR NORMAL DEPARTURE LAST
                VALUE   (LST)  VALUE       VALUE  FROM      YEAR
                                                  NORMAL
..................................................................
TEMPERATURE (F)
 YESTERDAY
  MAXIMUM         89R   218 PM  88    1998  74     15       82
  MINIMUM         66   1159 PM  37    1997  54     12       59
  AVERAGE         78                        64     14       71

PRECIPITATION (IN)
  YESTERDAY        T             1.67 2010   0.18  -0.18     0.00
  MONTH TO DATE    2.75                      2.44   0.31     2.45
  SINCE MAR 1     13.84                     10.39   3.45    10.89
  SINCE JAN 1     23.76                     17.75   6.01    18.46

SNOWFALL (IN)
  YESTERDAY        0.0                       0.0    0.0      0.0
  MONTH TO DATE    0.0                       0.0    0.0      0.0
  SINCE MAR 1     12.1                       3.9    8.2      0.2
  SINCE JUL 1     22.5                      23.5   -1.0      4.8
  SNOW DEPTH       0

DEGREE DAYS
 HEATING
  YESTERDAY        0                         3     -3        0
  MONTH TO DATE    3                        63    -60       74
  SINCE MAR 1   1038                       884    154      703
  SINCE JUL 1   4140                      4184    -44     3195

 COOLING
  YESTERDAY       13                         3     10        6
  MONTH TO DATE  104                        34     70       20
  SINCE MAR 1    117                        80     37      116
  SINCE JAN 1    129                        80     49      118
..................................................................

WIND (MPH)
  HIGHEST WIND SPEED    10   HIGHEST WIND DIRECTION    SE (150)
  HIGHEST GUST SPEED    20   HIGHEST GUST DIRECTION     W (260)
  AVERAGE WIND SPEED     1.6

SKY COVER
  POSSIBLE SUNSHINE  MM
  AVERAGE SKY COVER 0.1

WEATHER CONDITIONS
 THE FOLLOWING WEATHER WAS RECORDED YESTERDAY.
  THUNDERSTORM
  LIGHT RAIN

RELATIVE HUMIDITY (PERCENT)
 HIGHEST    87           800 PM
 LOWEST     46           100 PM
 AVERAGE    67
..........................................................

THE JACKSON KY CLIMATE NORMALS FOR TODAY
                         NORMAL    RECORD    YEAR
 MAXIMUM TEMPERATURE (F)   75        86      2017
 MINIMUM TEMPERATURE (F)   55        32      1997

SUNRISE AND SUNSET
MAY 16 2018...........SUNRISE   623 AM EDT   SUNSET   837 PM EDT
MAY 17 2018...........SUNRISE   622 AM EDT   SUNSET   838 PM EDT

-  INDICATES NEGATIVE NUMBERS.
R  INDICATES RECORD WAS SET OR TIED.
MM INDICATES DATA IS MISSING.
T  INDICATES TRACE AMOUNT.

$$

CGAL
