000
CDUS43 KJKL 230547
CLIJKL

CLIMATE REPORT
NATIONAL WEATHER SERVICE JACKSON KY
145 AM EDT WED MAY 23 2018

...................................

...THE JACKSON KY CLIMATE SUMMARY FOR MAY 22 2018...

CLIMATE NORMAL PERIOD 1981 TO 2010
CLIMATE RECORD PERIOD 1981 TO 2018

WEATHER ITEM   OBSERVED TIME   RECORD YEAR NORMAL DEPARTURE LAST
                VALUE   (LST)  VALUE       VALUE  FROM      YEAR
                                                  NORMAL
..................................................................
TEMPERATURE (F)
 YESTERDAY
  MAXIMUM         79   1215 PM  86    2007  76      3       69
  MINIMUM         65    543 AM  38    2002  56      9       57
                                      1993
  AVERAGE         72                        66      6       63

PRECIPITATION (IN)
  YESTERDAY        0.36          1.44 2001   0.17   0.19      T
  MONTH TO DATE    5.09                      3.64   1.45     4.55
  SINCE MAR 1     16.18                     11.59   4.59    12.99
  SINCE JAN 1     26.10                     18.95   7.15    20.56

SNOWFALL (IN)
  YESTERDAY        0.0                       0.0    0.0      0.0
  MONTH TO DATE    0.0                       0.0    0.0      0.0
  SINCE MAR 1     12.1                       3.9    8.2      0.2
  SINCE JUL 1     22.5                      23.5   -1.0      4.8
  SNOW DEPTH       0

DEGREE DAYS
 HEATING
  YESTERDAY        0                         3     -3        2
  MONTH TO DATE    3                        84    -81       76
  SINCE MAR 1   1038                       905    133      705
  SINCE JUL 1   4140                      4205    -65     3197

 COOLING
  YESTERDAY        7                         3      4        0
  MONTH TO DATE  159                        55    104       73
  SINCE MAR 1    172                       101     71      169
  SINCE JAN 1    184                       101     83      171
..................................................................

WIND (MPH)
  HIGHEST WIND SPEED     6   HIGHEST WIND DIRECTION     S (190)
  HIGHEST GUST SPEED    12   HIGHEST GUST DIRECTION    SW (240)
  AVERAGE WIND SPEED     1.0

SKY COVER
  POSSIBLE SUNSHINE  MM
  AVERAGE SKY COVER 0.3

WEATHER CONDITIONS
 THE FOLLOWING WEATHER WAS RECORDED YESTERDAY.
  THUNDERSTORM
  HEAVY RAIN
  LIGHT RAIN
  FOG

RELATIVE HUMIDITY (PERCENT)
 HIGHEST    93           100 AM
 LOWEST     67          1100 AM
 AVERAGE    80
..........................................................

THE JACKSON KY CLIMATE NORMALS FOR TODAY
                         NORMAL    RECORD    YEAR
 MAXIMUM TEMPERATURE (F)   76        87      1994
 MINIMUM TEMPERATURE (F)   56        47      2006
                                             2002
                                             2001

SUNRISE AND SUNSET
MAY 23 2018...........SUNRISE   618 AM EDT   SUNSET   842 PM EDT
MAY 24 2018...........SUNRISE   617 AM EDT   SUNSET   843 PM EDT

-  INDICATES NEGATIVE NUMBERS.
R  INDICATES RECORD WAS SET OR TIED.
MM INDICATES DATA IS MISSING.
T  INDICATES TRACE AMOUNT.

$$
GREIF
